{"id":14754,"date":"2019-06-24T05:11:57","date_gmt":"2019-06-24T05:11:57","guid":{"rendered":"http:\/\/www.unicoil.sa\/?page_id=14754"},"modified":"2021-12-02T09:04:09","modified_gmt":"2021-12-02T09:04:09","slug":"firmengeschichte","status":"publish","type":"page","link":"https:\/\/www.unicoil.com.sa\/Unicoil-Beta-Update\/de\/firmengeschichte\/","title":{"rendered":"Firmengeschichte"},"content":{"rendered":"Das 1997 gegr\u00fcndete Unternehmen UNICOIL (Universal Metal Coating Company) war das erste im Nahen Osten, das vorlackierte Coils aus Stahl und Aluminium fertigte und hat sich in der Region als Branchenf\u00fchrer etabliert.\n\nAm Anfang stand ein Joint Venture der beiden Branchenpioniere Zamil Holding Group Company und Rashed Al-Rashed &amp; Sons Groupmit Sitz in Saudi-Arabien mit einem der Weltmarktf\u00fchrer f\u00fcr vorlackierte St\u00e4hle (BHP aus Australien). Seit 2004 ist UNICOIL vollst\u00e4ndig in saudi-arabischer Hand. Mit Fertigungsanlagen in den Industriezentren Al-Jubail und Jeddah haben die f\u00fcnf Produktionslinien des Unternehmens jetzt eine j\u00e4hrliche Kapazit\u00e4t von 400.000 Tonnen gebeizte warmgewalzte Coils, 340.000 Tonnen kaltgewalzte Coils, 250.000 Tonnen verzinkte Stahlbleche, 210.000 Tonnen vorlackierte Stahlb\u00e4nder sowie 18 Million Laufmeter profilgewalzte Stahlbleche erreicht. Mittlerweile ist UNICOIL im Nahen Osten und in Nordafrika f\u00fchrend.\n\n<div class=\"clearfix\" style=\"height:30px\"><\/div>\n<h3>Zeitleiste<\/h3>\n\t<div class=\"timelinr-1\">\n\t\t<script type=\"text\/javascript\">\n\t\t\tjQuery(document).ready(function($) {\n\t\t\t \t$('.timelinr-1 .timeline').timelinr({\n\t\t\t\t \torientation: 'horizontal',\n\t\t\t\t    \/\/ value: horizontal | vertical, default to horizontal\n\t\t\t\t    containerDiv: 'timelinr-1',\n\t\t\t\t    \/\/ value: any HTML tag or #id, default to #timeline\n\t\t\t\t\tdatesSpeed: 'normal',\n\t\t\t\t    \/\/ value: integer between 100 and 1000 (recommended) or 'slow', 'normal' or 'fast'; default to normal\n\t\t\t  \t\tissuesSpeed: 'fast',\n\t\t\t\t    \/\/ value: integer between 100 and 1000 (recommended) or 'slow', 'normal' or 'fast'; default to fast\n\t\t\t\t    issuesTransparency: 0.2,\n\t\t\t\t    \/\/ value: integer between 0 and 1 (recommended), default to 0.2\n\t\t\t\t    issuesTransparencySpeed: 500,\n\t\t\t\t    \/\/ value: integer between 100 and 1000 (recommended), default to 500 (normal)\n\t\t\t\t    arrowKeys: 'true',\n\t\t\t\t    \/\/ value: true\/false, default to false\n\t\t\t\t    startAt: 1,\n\t\t\t\t    \/\/ value: integer, default to 1 (first)\n\t\t\t\t    autoPlay: 'false',\n\t\t\t\t    \/\/ value: true | false, default to false\n\t\t\t\t    autoPlayDirection: 'backward',\n\t\t\t\t    \/\/ value: forward | backward, default to forward\n\t\t\t\t    autoPlayPause: 2000\t\t\t\t    \/\/ value: integer (1000 = 1 seg), default to 2000 (2segs)< });\n\t\t\t   });\n\t\t\t});\n\t\t<\/script>\n\t\t<div class=\"timeline\">\n\t\t\t<ul class=\"dates\">\n\t\t    <li><a href=\"#\">1995<\/a><\/li><li><a href=\"#\">1996<\/a><\/li><li><a href=\"#\">1997<\/a><\/li><li><a href=\"#\">2003<\/a><\/li><li><a href=\"#\">2004<\/a><\/li><li><a href=\"#\">2006<\/a><\/li><li><a href=\"#\">2007<\/a><\/li><li><a href=\"#\">2009<\/a><\/li><li><a href=\"#\">2010<\/a><\/li><li><a href=\"#\">2011<\/a><\/li><li><a href=\"#\">2012<\/a><\/li><li><a href=\"#\">2013<\/a><\/li><li><a href=\"#\">2014<\/a><\/li><li><a href=\"#\">2015<\/a><\/li><li><a href=\"#\">2016<\/a><\/li><li><a href=\"#\">2017<\/a><\/li><li><a href=\"#\">2021<\/a><\/li>\t\t\t<\/ul>\n\t\t\t<ul class=\"issues\"><li id=\"date9078\"><span>1995<\/span><p><p>\r\n\u2022 UNICOIL wird in Al-Jubail Industrial City gegr\u00fcndet.<br \/>\r\n\u2022 UNICOIL beschlie\u00dft den Bau einer Lackieranlage f\u00fcr verzinkten Stahl mit einer Kapazit\u00e4t von 120.000 Tonnen pro Jahr. \r\n<\/p><\/p><\/li><li id=\"date9099\"><span>1996<\/span><p><p>\r\nUNICOIL geht mit BHP aus Australien (jetzt BlueScope Australia) ein Joint Venture ein.\r\n<\/p><\/p><\/li><li id=\"date9100\"><span>1997<\/span><p><p>\r\nUNICOIL gibt bei FATA HUNTER die erste Fertigungsanlage mit einer Kapazit\u00e4t von 120.000 Tonnen vorlackierten, verzinkten Stahlb\u00e4ndern pro Jahr in Auftrag.\r\n<\/p><\/p><\/li><li id=\"date9101\"><span>2003<\/span><p><p>\r\n\u2022 Die Eigentumsrechte an UNICOIL liegen vollst\u00e4ndig in saudi-arabischer Hand. <br\/>\r\n\u2022 Die Produktion vorlackierter verzinkter Stahlb\u00e4nder von UNICOIL erh\u00e4lt die ISO 9001:2000-Zertifizierung.\r\n<\/p><\/p><\/li><li id=\"date9102\"><span>2004<\/span><p><p>UNICOIL beginnt mit dem Ausbau folgender Produktionslinien:<\/p>\r\n<p><br \/>\r\n\u2022 Schubbeizanlage: Produktionskapazit\u00e4t von 400.000 Tonnen pro Jahr <br \/>\r\n\u2022 Kaltwalzstra\u00dfe: Produktionskapazit\u00e4t von 340.000 Tonnen pro Jahr <br \/>\r\n\u2022 Durchlauf-Verzinkungsanlage: Produktionskapazit\u00e4t von 250.000 Tonnen pro Jahr\r\n<\/p>\r\n<\/p><\/li><li id=\"date9103\"><span>2006<\/span><p><p>UNICOIL stellt seine Produktionslinien f\u00fcr kaltgewalzte und verzinkte Stahlb\u00e4nder in Dienst.<\/p><\/p><\/li><li id=\"date9104\"><span>2007<\/span><p><p>Im neuen Werk in Jeddah (im Westen Saudi-Arabiens gelegen) erweitert UNICOIL die j\u00e4hrliche Produktionskapazit\u00e4t von vorlackierten, verzinkten Stahlb\u00e4ndern um 90.000 Tonnen.<\/p><\/p><\/li><li id=\"date9105\"><span>2009<\/span><p><p>Die mit Metall beschichteten sowie die organisch beschichteten Produkte von UNICOIL erhalten die ISO 9001:2008-Zertifizierung.<\/p><\/p><\/li><li id=\"date9107\"><span>2010<\/span><p><p>UNICOIL erreicht bei vorlackierten, verzinkten Stahlb\u00e4ndern eine kumulative Gesamtproduktion von einer Million Tonnen seit der Unternehmensgr\u00fcndung.<\/p><\/p><\/li><li id=\"date9108\"><span>2011<\/span><p><p>UNICOIL stellt zwei Produktionslinien f\u00fcr profilgewalzte Stahlbleche mit einer j\u00e4hrlichen Gesamtproduktionskapazit\u00e4t von 18 Millionen Laufmetern in Dienst.<\/p><\/p><\/li><li id=\"date9109\"><span>2012<\/span><p><p>UNICOIL erreicht bei verzinkten Stahlb\u00e4ndern eine kumulative Gesamtproduktion von einer Million Tonnen.<\/p><\/p><\/li><li id=\"date9110\"><span>2013<\/span><p><p>UNICOIL startet f\u00fcr vorlackierte, verzinkte Stahlprodukte eine Kampagne f\u00fcr gesellschaftliche Verantwortung mit dem Titel \u201eKnow Your Pre-painted Galvanized Sheets\u201c.<\/p><\/p><\/li><li id=\"date9111\"><span>2014<\/span><p><p>UNICOIL wird von SASO und ESMA als Qualit\u00e4tsmarke eingestuft.<\/p><\/p><\/li><li id=\"date9113\"><span>2015<\/span><p><p>\u2022 UNICOIL erh\u00e4lt f\u00fcr seine Verdienste im Jahr 2014 den \u201eBest Environmental Performance Award\u201c der Royal Commission for Jubail and Yanbu. <br \/>\r\n\u2022 UNICOIL erh\u00e4lt die Zertifizierungen f\u00fcr Umweltmanagementsysteme (ISO 14001:2004) und Arbeitsschutzmanagementsysteme (OHSAS 18001:2007). <br \/>\r\n\u2022 UNICOIL erh\u00e4lt das Pr\u00fcfzeichen Jordanian Quality Marks (JQM).<\/p>\r\n<\/p><\/li><li id=\"date9115\"><span>2016<\/span><p><p>\r\n\u2022 UNICOIL erh\u00e4lt das Pr\u00fcfzeichen Kuwait Quality Mark (KQM).<br \/>\r\n\u2022 UNICOIL erhielt die Laborakkreditierung vom Emirates International Accreditation Center, einem Unterzeichner von ILAC - MRA (International Laboratories Accreditation Cooperation - Mutual Recognition Agreement).<br \/>\r\n\u2022 UNICOIL beginnt mit der Produktion umweltfreundlicher, mit dem Trichrom-Verfahren verzinkter Stahlb\u00e4nder und -bleche.<br \/>\r\n\u2022 UNICOIL beginnt mit der Produktion umweltfreundlicher, chromfrei vorlackierter Stahlb\u00e4nder und -bleche.<br \/>\r\n<\/p><\/p><\/li><li id=\"date21821\"><span>2017<\/span><p><br\/>\r\n\u2022 UNICOIL ist zertifiziert nach den Standards f\u00fcr Informationssicherheitsmanagement ISO\/IEC 27001:2013 <\/p><\/li><li id=\"date21829\"><span>2021<\/span><p><br\/>\r\n\u2022 Zum ersten Mal seit seiner Gr\u00fcndung erreichte UNICOIL im Zeitraum vom 5. Januar 202 bis 4. Januar 2021 1 Mio. SICHERE MANNSCHAFTSSTUNDEN OHNE LTI.<\/p><\/li> \n\t\t   \t<\/ul>\n\t\t   \t<a href=\"#\" class=\"next\">+<\/a>\n\t   \t\t<a href=\"#\" class=\"prev\">-<\/a>\n\t   \t<\/div>\n   \t<\/div>","protected":false},"excerpt":{"rendered":"Das 1997 gegr\u00fcndete Unternehmen UNICOIL (Universal Metal Coating Company) war das erste im Nahen Osten, das vorlackierte Coils aus Stahl und Aluminium fertigte und hat sich in der Region als Branchenf\u00fchrer etabliert. Am Anfang stand ein Joint Venture der beiden Branchenpioniere Zamil Holding Group Company und Rashed Al-Rashed &amp; Sons Groupmit Sitz in Saudi-Arabien mit [&hellip;]","protected":false},"author":3,"featured_media":0,"parent":0,"menu_order":0,"comment_status":"closed","ping_status":"closed","template":"elementor_theme","meta":{"footnotes":""},"yoast_head":"<!-- This site is optimized with the Yoast SEO plugin v21.4 - https:\/\/yoast.com\/wordpress\/plugins\/seo\/ -->\n<title>Firmengeschichte - UNICOIL<\/title>\n<meta name=\"robots\" content=\"index, follow, max-snippet:-1, max-image-preview:large, max-video-preview:-1\" \/>\n<link rel=\"canonical\" href=\"https:\/\/www.unicoil.com.sa\/Unicoil-Beta-Update\/de\/firmengeschichte\/\" \/>\n<meta property=\"og:locale\" content=\"en_US\" \/>\n<meta property=\"og:type\" content=\"article\" \/>\n<meta property=\"og:title\" content=\"Firmengeschichte - UNICOIL\" \/>\n<meta property=\"og:description\" content=\"Das 1997 gegr\u00fcndete Unternehmen UNICOIL (Universal Metal Coating Company) war das erste im Nahen Osten, das vorlackierte Coils aus Stahl und Aluminium fertigte und hat sich in der Region als Branchenf\u00fchrer etabliert. Am Anfang stand ein Joint Venture der beiden Branchenpioniere Zamil Holding Group Company und Rashed Al-Rashed &amp; Sons Groupmit Sitz in Saudi-Arabien mit [&hellip;]\" \/>\n<meta property=\"og:url\" content=\"https:\/\/www.unicoil.com.sa\/Unicoil-Beta-Update\/de\/firmengeschichte\/\" \/>\n<meta property=\"og:site_name\" content=\"UNICOIL\" \/>\n<meta property=\"article:modified_time\" content=\"2021-12-02T09:04:09+00:00\" \/>\n<meta name=\"twitter:card\" content=\"summary_large_image\" \/>\n<meta name=\"twitter:label1\" content=\"Est. reading time\" \/>\n\t<meta name=\"twitter:data1\" content=\"1 minute\" \/>\n<script type=\"application\/ld+json\" class=\"yoast-schema-graph\">{\"@context\":\"https:\/\/schema.org\",\"@graph\":[{\"@type\":\"WebPage\",\"@id\":\"https:\/\/www.unicoil.com.sa\/Unicoil-Beta-Update\/de\/firmengeschichte\/\",\"url\":\"https:\/\/www.unicoil.com.sa\/Unicoil-Beta-Update\/de\/firmengeschichte\/\",\"name\":\"Firmengeschichte - UNICOIL\",\"isPartOf\":{\"@id\":\"https:\/\/www.unicoil.com.sa\/Unicoil-Beta-Update\/#website\"},\"datePublished\":\"2019-06-24T05:11:57+00:00\",\"dateModified\":\"2021-12-02T09:04:09+00:00\",\"breadcrumb\":{\"@id\":\"https:\/\/www.unicoil.com.sa\/Unicoil-Beta-Update\/de\/firmengeschichte\/#breadcrumb\"},\"inLanguage\":\"en-US\",\"potentialAction\":[{\"@type\":\"ReadAction\",\"target\":[\"https:\/\/www.unicoil.com.sa\/Unicoil-Beta-Update\/de\/firmengeschichte\/\"]}]},{\"@type\":\"BreadcrumbList\",\"@id\":\"https:\/\/www.unicoil.com.sa\/Unicoil-Beta-Update\/de\/firmengeschichte\/#breadcrumb\",\"itemListElement\":[{\"@type\":\"ListItem\",\"position\":1,\"name\":\"Home\",\"item\":\"https:\/\/www.unicoil.com.sa\/Unicoil-Beta-Update\/en\/\"},{\"@type\":\"ListItem\",\"position\":2,\"name\":\"Firmengeschichte\"}]},{\"@type\":\"WebSite\",\"@id\":\"https:\/\/www.unicoil.com.sa\/Unicoil-Beta-Update\/#website\",\"url\":\"https:\/\/www.unicoil.com.sa\/Unicoil-Beta-Update\/\",\"name\":\"UNICOIL\",\"description\":\"UNICOIL - A Leader in Steel Coil Coating and Prepainted Steels\",\"publisher\":{\"@id\":\"https:\/\/www.unicoil.com.sa\/Unicoil-Beta-Update\/#organization\"},\"potentialAction\":[{\"@type\":\"SearchAction\",\"target\":{\"@type\":\"EntryPoint\",\"urlTemplate\":\"https:\/\/www.unicoil.com.sa\/Unicoil-Beta-Update\/?s={search_term_string}\"},\"query-input\":\"required name=search_term_string\"}],\"inLanguage\":\"en-US\"},{\"@type\":\"Organization\",\"@id\":\"https:\/\/www.unicoil.com.sa\/Unicoil-Beta-Update\/#organization\",\"name\":\"UNICOIL\",\"url\":\"https:\/\/www.unicoil.com.sa\/Unicoil-Beta-Update\/\",\"logo\":{\"@type\":\"ImageObject\",\"inLanguage\":\"en-US\",\"@id\":\"https:\/\/www.unicoil.com.sa\/Unicoil-Beta-Update\/#\/schema\/logo\/image\/\",\"url\":\"https:\/\/www.unicoil.com.sa\/Unicoil-Beta-Update\/wp-content\/uploads\/UNICOIL-Logo-1.png\",\"contentUrl\":\"https:\/\/www.unicoil.com.sa\/Unicoil-Beta-Update\/wp-content\/uploads\/UNICOIL-Logo-1.png\",\"width\":1028,\"height\":617,\"caption\":\"UNICOIL\"},\"image\":{\"@id\":\"https:\/\/www.unicoil.com.sa\/Unicoil-Beta-Update\/#\/schema\/logo\/image\/\"}}]}<\/script>\n<!-- \/ Yoast SEO plugin. -->","yoast_head_json":{"title":"Firmengeschichte - UNICOIL","robots":{"index":"index","follow":"follow","max-snippet":"max-snippet:-1","max-image-preview":"max-image-preview:large","max-video-preview":"max-video-preview:-1"},"canonical":"https:\/\/www.unicoil.com.sa\/Unicoil-Beta-Update\/de\/firmengeschichte\/","og_locale":"en_US","og_type":"article","og_title":"Firmengeschichte - UNICOIL","og_description":"Das 1997 gegr\u00fcndete Unternehmen UNICOIL (Universal Metal Coating Company) war das erste im Nahen Osten, das vorlackierte Coils aus Stahl und Aluminium fertigte und hat sich in der Region als Branchenf\u00fchrer etabliert. Am Anfang stand ein Joint Venture der beiden Branchenpioniere Zamil Holding Group Company und Rashed Al-Rashed &amp; Sons Groupmit Sitz in Saudi-Arabien mit [&hellip;]","og_url":"https:\/\/www.unicoil.com.sa\/Unicoil-Beta-Update\/de\/firmengeschichte\/","og_site_name":"UNICOIL","article_modified_time":"2021-12-02T09:04:09+00:00","twitter_card":"summary_large_image","twitter_misc":{"Est. reading time":"1 minute"},"schema":{"@context":"https:\/\/schema.org","@graph":[{"@type":"WebPage","@id":"https:\/\/www.unicoil.com.sa\/Unicoil-Beta-Update\/de\/firmengeschichte\/","url":"https:\/\/www.unicoil.com.sa\/Unicoil-Beta-Update\/de\/firmengeschichte\/","name":"Firmengeschichte - UNICOIL","isPartOf":{"@id":"https:\/\/www.unicoil.com.sa\/Unicoil-Beta-Update\/#website"},"datePublished":"2019-06-24T05:11:57+00:00","dateModified":"2021-12-02T09:04:09+00:00","breadcrumb":{"@id":"https:\/\/www.unicoil.com.sa\/Unicoil-Beta-Update\/de\/firmengeschichte\/#breadcrumb"},"inLanguage":"en-US","potentialAction":[{"@type":"ReadAction","target":["https:\/\/www.unicoil.com.sa\/Unicoil-Beta-Update\/de\/firmengeschichte\/"]}]},{"@type":"BreadcrumbList","@id":"https:\/\/www.unicoil.com.sa\/Unicoil-Beta-Update\/de\/firmengeschichte\/#breadcrumb","itemListElement":[{"@type":"ListItem","position":1,"name":"Home","item":"https:\/\/www.unicoil.com.sa\/Unicoil-Beta-Update\/en\/"},{"@type":"ListItem","position":2,"name":"Firmengeschichte"}]},{"@type":"WebSite","@id":"https:\/\/www.unicoil.com.sa\/Unicoil-Beta-Update\/#website","url":"https:\/\/www.unicoil.com.sa\/Unicoil-Beta-Update\/","name":"UNICOIL","description":"UNICOIL - A Leader in Steel Coil Coating and Prepainted Steels","publisher":{"@id":"https:\/\/www.unicoil.com.sa\/Unicoil-Beta-Update\/#organization"},"potentialAction":[{"@type":"SearchAction","target":{"@type":"EntryPoint","urlTemplate":"https:\/\/www.unicoil.com.sa\/Unicoil-Beta-Update\/?s={search_term_string}"},"query-input":"required name=search_term_string"}],"inLanguage":"en-US"},{"@type":"Organization","@id":"https:\/\/www.unicoil.com.sa\/Unicoil-Beta-Update\/#organization","name":"UNICOIL","url":"https:\/\/www.unicoil.com.sa\/Unicoil-Beta-Update\/","logo":{"@type":"ImageObject","inLanguage":"en-US","@id":"https:\/\/www.unicoil.com.sa\/Unicoil-Beta-Update\/#\/schema\/logo\/image\/","url":"https:\/\/www.unicoil.com.sa\/Unicoil-Beta-Update\/wp-content\/uploads\/UNICOIL-Logo-1.png","contentUrl":"https:\/\/www.unicoil.com.sa\/Unicoil-Beta-Update\/wp-content\/uploads\/UNICOIL-Logo-1.png","width":1028,"height":617,"caption":"UNICOIL"},"image":{"@id":"https:\/\/www.unicoil.com.sa\/Unicoil-Beta-Update\/#\/schema\/logo\/image\/"}}]}},"_links":{"self":[{"href":"https:\/\/www.unicoil.com.sa\/Unicoil-Beta-Update\/wp-json\/wp\/v2\/pages\/14754"}],"collection":[{"href":"https:\/\/www.unicoil.com.sa\/Unicoil-Beta-Update\/wp-json\/wp\/v2\/pages"}],"about":[{"href":"https:\/\/www.unicoil.com.sa\/Unicoil-Beta-Update\/wp-json\/wp\/v2\/types\/page"}],"author":[{"embeddable":true,"href":"https:\/\/www.unicoil.com.sa\/Unicoil-Beta-Update\/wp-json\/wp\/v2\/users\/3"}],"replies":[{"embeddable":true,"href":"https:\/\/www.unicoil.com.sa\/Unicoil-Beta-Update\/wp-json\/wp\/v2\/comments?post=14754"}],"version-history":[{"count":2,"href":"https:\/\/www.unicoil.com.sa\/Unicoil-Beta-Update\/wp-json\/wp\/v2\/pages\/14754\/revisions"}],"predecessor-version":[{"id":20842,"href":"https:\/\/www.unicoil.com.sa\/Unicoil-Beta-Update\/wp-json\/wp\/v2\/pages\/14754\/revisions\/20842"}],"wp:attachment":[{"href":"https:\/\/www.unicoil.com.sa\/Unicoil-Beta-Update\/wp-json\/wp\/v2\/media?parent=14754"}],"curies":[{"name":"wp","href":"https:\/\/api.w.org\/{rel}","templated":true}]}}