{"id":15206,"date":"2019-06-30T06:17:20","date_gmt":"2019-06-30T06:17:20","guid":{"rendered":"http:\/\/www.unicoil.sa\/?page_id=15206"},"modified":"2022-10-10T11:23:37","modified_gmt":"2022-10-10T11:23:37","slug":"unicoil-und-die-gesellschaft","status":"publish","type":"page","link":"https:\/\/www.unicoil.com.sa\/Unicoil-Beta-Update\/de\/unicoil-und-die-gesellschaft\/","title":{"rendered":"UNICOIL und die Gesellschaft"},"content":{"rendered":"UNICOIL setzt sich im Rahmen seiner T\u00e4tigkeit wie folgt f\u00fcr Qualit\u00e4t ein:\n\nUNICOIL verwendet Wiedergewinnungsanlagen f\u00fcr Salzs\u00e4ure, die anschlie\u00dfend erneut zum Beizen eingesetzt wird. Dies schont die Umwelt und die nat\u00fcrlichen Ressourcen.\n\nUNICOIL verf\u00fcgt \u00fcber eine moderne Wasseraufbereitungsanlage f\u00fcr das Brauchwasser unterschiedlicher industrieller Fertigungsprozesse. Diese Anlage gew\u00e4hrleistest die Einhaltung der Entsorgungsvorgaben der Royal Commission.\n\n<div class=\"row clearfix\">\n\n<div class=\"box two-three \">\n\nIm Ofen der Verzinkungsanlage von UNICOIL kommen sparsame Brenner mit W\u00e4rmer\u00fcckgewinnung zum Einsatz, die die nat\u00fcrlichen Erdgasvorkommen schonen. Der Erdgasverbrauch der Verzinkungsanlage von UNICOIL entspricht dem weltweiten Branchenstandard.\n\nUNICOIL hat im Januar 2016 ein Kontrollsystem zur Lacktemperierung in Betrieb genommen, mit dem sich die Menge im Lackierprozess verwendeter L\u00f6sungsmittel und damit auch die Menge freigesetzter fl\u00fcchtiger Kohlenwasserstoffe senken l\u00e4sst.\n\nUNICOIL ersetzt die herk\u00f6mmliche thermische Abluftreinigungsanlage durch eine moderne regenerative Anlage mit gesenktem Erdgasverbrauch.\n\nUNICOIL senkt durch die Installation sensorgesteuerter Wasserh\u00e4hne und weitere Methoden den Wasserverbrauch im gesamten Unternehmen.\n\n<\/div>\n\n<div class=\"box three \">\n<div class=\"box-conts\"><img decoding=\"async\" loading=\"lazy\" src=\"\/wp-content\/uploads\/2017\/03\/regenerative-thermal-oxidizer.jpg\" alt=\"regenerative-thermal-oxidizer\" width=\"180\" height=\"210\" class=\"aligncenter size-full wp-image-2961\">\n<div class=\"clearfix\" style=\"height:10px\"><\/div>\n<p style=\"text-align: center; font-style:italic;\">Niederlassungen von UNICOIL halten strenge Umweltvorgaben ein<\/p>\n\n<\/div>\n<\/div>\n\n<\/div>\n\n<div class=\"clearfix\" style=\"height:15px\"><\/div>\n<h4>Kooperation von UNICOIL und SANAD<\/h4>\n<h2>Eine Zukunft ohne Blei f\u00fcr unsere Kinder<\/h2>\n<hr class=\"style-five margin-t0 margin-b15 \"  data-rt-animate=\"animate\" data-rt-animation-type=\"fadeInDown\" data-rt-animation-group=\"single\" >\n\nUniversal Metal Coating Company Limited (UNICOIL) setzt seine vor bereits fast vier Jahren gestarteten Sensibilisierungskampagnen fort, die vor dem unsicheren Einsatz von Blei in Lacken und beschichteten Metallprodukten warnen sowie vor Bleivergiftungen, die zahlreiche chronische Erkrankungen verursachen k\u00f6nnen, an denen Kinder unter sechs Jahren leiden.\n\nIn diesem Zusammenhang hat sich UNICOIL mit der Kinderkrebshilfe SANAD in Saudi-Arabien zusammengeschlossen, um mit einer gemeinsamen Kampagne vor den Gefahren von Blei zu warnen. Hierbei werden spezifische Richtlinien und Anweisungen bekannt gemacht, die auf Untersuchungen internationaler Organisationen beruhen.\n\n<div class=\"row clearfix\">\n\n<div class=\"box three \">\n<div class=\"box-conts\"><img decoding=\"async\" loading=\"lazy\" src=\"\/wp-content\/uploads\/2017\/03\/sanad-logo.png\" alt=\"sanad-logo\" width=\"350\" height=\"167\" class=\"aligncenter size-full wp-image-2967\" srcset=\"https:\/\/www.unicoil.com.sa\/Unicoil-Beta-Update\/wp-content\/uploads\/2017\/03\/sanad-logo.png 350w, https:\/\/www.unicoil.com.sa\/Unicoil-Beta-Update\/wp-content\/uploads\/2017\/03\/sanad-logo-300x143.png 300w\" sizes=\"(max-width: 350px) 100vw, 350px\" \/><\/div>\n<\/div>\n\n<div class=\"box two-three \">\n\nSANAD wurde am 2.2.2003 als gemeinn\u00fctzige Organisation beim saudi-arabischen Sozialministerium eingetragen. Ziel der Organisation ist die Unterst\u00fctzung von Kinderkrebszentren im ganzen Land, sowohl finanziell als auch durch Sachspenden. Zus\u00e4tzlich k\u00fcmmert sich die Organisation in sozialer Hinsicht um die kleinen Patienten sowie deren hilfsbed\u00fcrftige Familien und leistet Aufkl\u00e4rungsarbeit \u00fcber Krebserkrankungen bei Kindern und den Umgang mit diesen.\n\n<\/div>\n\n<\/div>\n\n<hr class=\"style-four margin-t10 margin-b20 \"  data-rt-animate=\"animate\" data-rt-animation-type=\"fadeInDown\" data-rt-animation-group=\"single\" >\n\n<img decoding=\"async\" src=\"\/wp-content\/uploads\/2017\/03\/lfk_logo_english_transparent_0.png\" alt=\"lfk_logo_english_transparent_0\" width=\"110\" style=\"width: 110px !important;\" class=\"alignleft wp-image-2977\" srcset=\"https:\/\/www.unicoil.com.sa\/Unicoil-Beta-Update\/wp-content\/uploads\/2017\/03\/lfk_logo_english_transparent_0.png 741w, https:\/\/www.unicoil.com.sa\/Unicoil-Beta-Update\/wp-content\/uploads\/2017\/03\/lfk_logo_english_transparent_0-238x300.png 238w\" sizes=\"(max-width: 741px) 100vw, 741px\" \/>\n\n\t\t<div class=\"imgeffect single_image alignright\">\t\n\t\t\t<a id=\"lightbox-578739\" class=\"icon-zoom-in lightbox_ single\" data-group=\"image583741\" title=\"Enlarge Image\" data-title=\"\" data-description=\"\" data-thumbnail=\"\/wp-content\/uploads\/2017\/03\/international-lead-poisoning-awareness-week.jpg\" data-thumbTooltip=\"\" data-scaleUp=\"\" data-href=\"\" data-width=\"\" data-height=\"\" data-flashHasPriority=\"\" data-poster=\"\" data-autoplay=\"\" data-audiotitle=\"\" href=\"\/wp-content\/uploads\/2017\/03\/international-lead-poisoning-awareness-week.jpg\"><\/a>\t\t\t\t\t\t\t\n\t\t\t<img src=\"\/wp-content\/uploads\/2017\/03\/international-lead-poisoning-awareness-week.jpg\" alt=\"\"> \t\t\t\t\t\t\t\t\t\n\t\t<\/div>\n\t\n<h3>Internationale Woche zur Sensibilisierung f\u00fcr das Thema Bleivergiftung<\/h3>\nUINICOIL unterst\u00fctzt im Rahmen seines gesellschaftlichen Engagements landesweit Gesundheitseinrichtungen beim Schutz der Bev\u00f6lkerung vor den Gefahren von Blei.\n\nVom 23. bis zum 29. Oktober 2016 fand eine internationale Aktionswoche zur Bleivergiftungspr\u00e4vention mit dem Schwerpunkt der Abschaffung verbleiter Lacke statt.\n\n<hr class=\"style-four margin-t20 margin-b30 \"  data-rt-animate=\"animate\" data-rt-animation-type=\"fadeInDown\" data-rt-animation-group=\"single\" >\n\n<div class=\"row clearfix\">\n\n<div class=\"box two-three \">\n<h2>Best Environmental Performance Award<\/h2>\n<hr class=\"style-five margin-t0 margin-b15 \"  data-rt-animate=\"animate\" data-rt-animation-type=\"fadeInDown\" data-rt-animation-group=\"single\" >\n\nF\u00fcr 2015 hat UNICOIL am internationalen Umweltschutztag, dem 5. Juni 2016, zum zweiten Mal in Folge den &#8220;Best Environmental Performance Award&#8221; der Jubail Royal Commission erhalten.\n\nUNICOIL hat diese Auszeichnung f\u00fcr sein kontinuierliches Engagement f\u00fcr den Umweltschutz innerhalb des Unternehmens sowie seine \u00f6ffentlichen Kampagnen zu Umwelt- und Gesundheitsthemen erhalten.\n\n<\/div>\n\n<div class=\"box three \">\n<img decoding=\"async\" loading=\"lazy\" src=\"\/wp-content\/uploads\/2017\/03\/2016-environmental-award.jpg\" alt=\"2016-environmental-award\" width=\"542\" height=\"452\" class=\"aligncenter size-full wp-image-2993\" srcset=\"https:\/\/www.unicoil.com.sa\/Unicoil-Beta-Update\/wp-content\/uploads\/2017\/03\/2016-environmental-award.jpg 542w, https:\/\/www.unicoil.com.sa\/Unicoil-Beta-Update\/wp-content\/uploads\/2017\/03\/2016-environmental-award-300x250.jpg 300w\" sizes=\"(max-width: 542px) 100vw, 542px\" \/>\n<\/div>\n\n<\/div>\n\n<div class=\"clearfix\" style=\"height:10px\"><\/div>\n\nIm Rahmen seines gesellschaftlichen Engagements hat UNICOIL eine gro\u00dfangelegte Aufkl\u00e4rungskampagne f\u00fcr alle betroffenen Stellen und die \u00d6ffentlichkeit durchgef\u00fchrt, um auf die Folgen des Bleianteils in Lacken und Zink aufmerksam zu machen. Au\u00dferdem hat sich UNICOIL bei den zust\u00e4ndigen Beh\u00f6rden f\u00fcr die Einf\u00fchrung verpflichtender Obergrenzen f\u00fcr den Bleianteil in Lacken und Zink eingesetzt. Wir hoffen, dass dieser Einsatz rasch zu Erfolgen f\u00fchrt.\n\n<div class=\"row clearfix\">\n\n<div class=\"box two \">\n<img decoding=\"async\" loading=\"lazy\" src=\"\/wp-content\/uploads\/2017\/03\/recyling-bin01.jpg\" alt=\"recyling-bin01\" width=\"400\" height=\"274\" class=\"aligncenter size-full wp-image-2997\" srcset=\"https:\/\/www.unicoil.com.sa\/Unicoil-Beta-Update\/wp-content\/uploads\/2017\/03\/recyling-bin01.jpg 400w, https:\/\/www.unicoil.com.sa\/Unicoil-Beta-Update\/wp-content\/uploads\/2017\/03\/recyling-bin01-300x206.jpg 300w\" sizes=\"(max-width: 400px) 100vw, 400px\" \/>\n<\/div>\n\n<div class=\"box two \">\n<img decoding=\"async\" loading=\"lazy\" src=\"\/wp-content\/uploads\/2017\/03\/recyling-bin02.jpg\" alt=\"recyling-bin02\" width=\"400\" height=\"274\" class=\"aligncenter size-full wp-image-2996\" srcset=\"https:\/\/www.unicoil.com.sa\/Unicoil-Beta-Update\/wp-content\/uploads\/2017\/03\/recyling-bin02.jpg 400w, https:\/\/www.unicoil.com.sa\/Unicoil-Beta-Update\/wp-content\/uploads\/2017\/03\/recyling-bin02-300x206.jpg 300w\" sizes=\"(max-width: 400px) 100vw, 400px\" \/>\n<\/div>\n\n<\/div>\n\n<div class=\"clearfix\" style=\"height:10px\"><\/div>\n<p style=\"text-align: center; font-style:italic;\">Recycling ist bei UNICOIL eine Lebenseinstellung<\/p>\n<div class=\"clearfix\" style=\"height:10px\"><\/div>\n\nUNICOIL setzt sich f\u00fcr M\u00fclltrennung und Recycling ein. \u00dcberall bei UNICOIL finden sich Beh\u00e4lter f\u00fcr die getrennte Sammlung von recycelbaren und nicht recycelbaren Abf\u00e4llen.\n\n<div class=\"row clearfix\">\n\n<div class=\"box two \">\n\n&nbsp;\nDie Unternehmensf\u00fchrung von UNICOIL ist \u00fcberzeugt davon, dass die Belegschaft von der N\u00e4he zur Natur profitiert, und hat daf\u00fcr gesorgt, dass die Niederlassungen um Gr\u00fcnanlagen erg\u00e4nzt werden, die bereits fast 25 % der offenen Fl\u00e4chen bei UNICOIL ausmachen.\n\nUNICOIL freut sich, dass diese Gr\u00fcnanlagen V\u00f6gel anziehen und hat extra hierzu auch Futterspender aufgestellt.\n\nNeben dem Engagement f\u00fcr die Umwelt setzt sich UNICOIL f\u00fcr eine Arbeitsumgebung ein, die Wachstum beg\u00fcnstigt.\n\n<\/div>\n\n<div class=\"box two \">\n<div class=\"box-conts\"><img decoding=\"async\" loading=\"lazy\" src=\"\/wp-content\/uploads\/2017\/03\/bird-feeder.jpg\" alt=\"bird-feeder\" width=\"400\" height=\"274\" class=\"aligncenter size-full wp-image-3000\" srcset=\"https:\/\/www.unicoil.com.sa\/Unicoil-Beta-Update\/wp-content\/uploads\/2017\/03\/bird-feeder.jpg 400w, https:\/\/www.unicoil.com.sa\/Unicoil-Beta-Update\/wp-content\/uploads\/2017\/03\/bird-feeder-300x206.jpg 300w\" sizes=\"(max-width: 400px) 100vw, 400px\" \/>\n\n<div class=\"clearfix\" style=\"height:10px\"><\/div>\n<p style=\"text-align: center; font-style:italic;\">Futterspernder f\u00fcr V\u00f6gel in den Gr\u00fcnanlagen von UNICOIL<\/p>\n\n<\/div>\n<\/div>\n\n<\/div>\n\n<div class=\"clearfix\" style=\"height:10px\"><\/div>\n\nDer Springbrunnen vor dem Firmengeb\u00e4ude ist ein Ort der Entspannung f\u00fcr Mitarbeiter und Kunden im Einklang mit dem chinesischen Feng Shui. Und auch bei den V\u00f6geln ist der Springbrunnen als Tr\u00e4nke beliebt.\n\n<div class=\"row clearfix\">\n\n<div class=\"box two \">\n<img decoding=\"async\" loading=\"lazy\" src=\"\/wp-content\/uploads\/2017\/03\/operations-fountain.jpg\" alt=\"operations-fountain\" width=\"400\" height=\"274\" class=\"aligncenter size-full wp-image-3005\" srcset=\"https:\/\/www.unicoil.com.sa\/Unicoil-Beta-Update\/wp-content\/uploads\/2017\/03\/operations-fountain.jpg 400w, https:\/\/www.unicoil.com.sa\/Unicoil-Beta-Update\/wp-content\/uploads\/2017\/03\/operations-fountain-300x206.jpg 300w\" sizes=\"(max-width: 400px) 100vw, 400px\" \/>\n<\/div>\n\n<div class=\"box two \">\n<img decoding=\"async\" loading=\"lazy\" src=\"\/wp-content\/uploads\/2017\/03\/temperature-plant.jpg\" alt=\"temperature-plant\" width=\"400\" height=\"274\" class=\"aligncenter size-full wp-image-3006\" srcset=\"https:\/\/www.unicoil.com.sa\/Unicoil-Beta-Update\/wp-content\/uploads\/2017\/03\/temperature-plant.jpg 400w, https:\/\/www.unicoil.com.sa\/Unicoil-Beta-Update\/wp-content\/uploads\/2017\/03\/temperature-plant-300x206.jpg 300w\" sizes=\"(max-width: 400px) 100vw, 400px\" \/>\n<\/div>\n\n<\/div>\n\n<div class=\"clearfix\" style=\"height:10px\"><\/div>\n<p style=\"text-align: center; font-style:italic;\">Die Schaffung einer f\u00f6rderlichen physischen Arbeitsumgebung ist Teil des Engagements von UNICOIL.<\/p>\n<div class=\"clearfix\" style=\"height:10px\"><\/div>\n\nS\u00e4mtliche Kontrollr\u00e4ume sind mit Thermometern ausgestattet, sodass sich die Temperatur entsprechend regeln l\u00e4sst, wenn diese zu hoch steigt.\n\nIm Rahmen seines Engagements sorgt UNICOIL zum Wohl seiner Mitarbeiter f\u00fcr eine Begr\u00fcnung im Au\u00dfenbereich seiner Verwaltungs- und Produktionseinrichtungen.\n\n<img decoding=\"async\" loading=\"lazy\" src=\"\/wp-content\/uploads\/2017\/03\/unicoil-environment.jpg\" alt=\"unicoil-environment\" width=\"800\" height=\"245\" class=\"aligncenter size-full wp-image-3009\" srcset=\"https:\/\/www.unicoil.com.sa\/Unicoil-Beta-Update\/wp-content\/uploads\/2017\/03\/unicoil-environment.jpg 800w, https:\/\/www.unicoil.com.sa\/Unicoil-Beta-Update\/wp-content\/uploads\/2017\/03\/unicoil-environment-300x92.jpg 300w, https:\/\/www.unicoil.com.sa\/Unicoil-Beta-Update\/wp-content\/uploads\/2017\/03\/unicoil-environment-768x235.jpg 768w\" sizes=\"(max-width: 800px) 100vw, 800px\" \/>\n\n<div class=\"clearfix\" style=\"height:10px\"><\/div>\n<p style=\"text-align: center; font-style:italic;\">Im Einklang mit seiner sauberen und gr\u00fcnen Vision ist die Landschaft von UNICOIL erfrischend und belebend<\/p>\nKeine Spur von herk\u00f6mmlicher Industrieatmosph\u00e4re: Nachtbeleuchtung des Verwaltungsgeb\u00e4udes von UNICOIL\n\n<img decoding=\"async\" loading=\"lazy\" src=\"\/wp-content\/uploads\/2017\/03\/unicoil-at-night.jpg\" alt=\"unicoil-at-night\" width=\"800\" height=\"245\" class=\"aligncenter size-full wp-image-3010\" srcset=\"https:\/\/www.unicoil.com.sa\/Unicoil-Beta-Update\/wp-content\/uploads\/2017\/03\/unicoil-at-night.jpg 800w, https:\/\/www.unicoil.com.sa\/Unicoil-Beta-Update\/wp-content\/uploads\/2017\/03\/unicoil-at-night-300x92.jpg 300w, https:\/\/www.unicoil.com.sa\/Unicoil-Beta-Update\/wp-content\/uploads\/2017\/03\/unicoil-at-night-768x235.jpg 768w\" sizes=\"(max-width: 800px) 100vw, 800px\" \/>\n\n<div class=\"clearfix\" style=\"height:10px\"><\/div>\n<p style=\"text-align: center; font-style:italic;\">Nachtzeitansicht, die das UNICOIL Geb\u00e4ude und die Anlage zeigt<\/p>\n<div class=\"clearfix\" style=\"height:30px\"><\/div>","protected":false},"excerpt":{"rendered":"UNICOIL setzt sich im Rahmen seiner T\u00e4tigkeit wie folgt f\u00fcr Qualit\u00e4t ein: UNICOIL verwendet Wiedergewinnungsanlagen f\u00fcr Salzs\u00e4ure, die anschlie\u00dfend erneut zum Beizen eingesetzt wird. Dies schont die Umwelt und die nat\u00fcrlichen Ressourcen. UNICOIL verf\u00fcgt \u00fcber eine moderne Wasseraufbereitungsanlage f\u00fcr das Brauchwasser unterschiedlicher industrieller Fertigungsprozesse. Diese Anlage gew\u00e4hrleistest die Einhaltung der Entsorgungsvorgaben der Royal Commission. Kooperation [&hellip;]","protected":false},"author":3,"featured_media":0,"parent":0,"menu_order":0,"comment_status":"closed","ping_status":"closed","template":"elementor_theme","meta":{"footnotes":""},"yoast_head":"<!-- This site is optimized with the Yoast SEO plugin v21.4 - https:\/\/yoast.com\/wordpress\/plugins\/seo\/ -->\n<title>UNICOIL und die Gesellschaft - UNICOIL<\/title>\n<meta name=\"robots\" content=\"index, follow, max-snippet:-1, max-image-preview:large, max-video-preview:-1\" \/>\n<link rel=\"canonical\" href=\"https:\/\/www.unicoil.com.sa\/Unicoil-Beta-Update\/de\/unicoil-und-die-gesellschaft\/\" \/>\n<meta property=\"og:locale\" content=\"en_US\" \/>\n<meta property=\"og:type\" content=\"article\" \/>\n<meta property=\"og:title\" content=\"UNICOIL und die Gesellschaft - UNICOIL\" \/>\n<meta property=\"og:description\" content=\"UNICOIL setzt sich im Rahmen seiner T\u00e4tigkeit wie folgt f\u00fcr Qualit\u00e4t ein: UNICOIL verwendet Wiedergewinnungsanlagen f\u00fcr Salzs\u00e4ure, die anschlie\u00dfend erneut zum Beizen eingesetzt wird. Dies schont die Umwelt und die nat\u00fcrlichen Ressourcen. UNICOIL verf\u00fcgt \u00fcber eine moderne Wasseraufbereitungsanlage f\u00fcr das Brauchwasser unterschiedlicher industrieller Fertigungsprozesse. Diese Anlage gew\u00e4hrleistest die Einhaltung der Entsorgungsvorgaben der Royal Commission. Kooperation [&hellip;]\" \/>\n<meta property=\"og:url\" content=\"https:\/\/www.unicoil.com.sa\/Unicoil-Beta-Update\/de\/unicoil-und-die-gesellschaft\/\" \/>\n<meta property=\"og:site_name\" content=\"UNICOIL\" \/>\n<meta property=\"article:modified_time\" content=\"2022-10-10T11:23:37+00:00\" \/>\n<meta name=\"twitter:card\" content=\"summary_large_image\" \/>\n<meta name=\"twitter:label1\" content=\"Est. reading time\" \/>\n\t<meta name=\"twitter:data1\" content=\"6 minutes\" \/>\n<script type=\"application\/ld+json\" class=\"yoast-schema-graph\">{\"@context\":\"https:\/\/schema.org\",\"@graph\":[{\"@type\":\"WebPage\",\"@id\":\"https:\/\/www.unicoil.com.sa\/Unicoil-Beta-Update\/de\/unicoil-und-die-gesellschaft\/\",\"url\":\"https:\/\/www.unicoil.com.sa\/Unicoil-Beta-Update\/de\/unicoil-und-die-gesellschaft\/\",\"name\":\"UNICOIL und die Gesellschaft - UNICOIL\",\"isPartOf\":{\"@id\":\"https:\/\/www.unicoil.com.sa\/Unicoil-Beta-Update\/#website\"},\"datePublished\":\"2019-06-30T06:17:20+00:00\",\"dateModified\":\"2022-10-10T11:23:37+00:00\",\"breadcrumb\":{\"@id\":\"https:\/\/www.unicoil.com.sa\/Unicoil-Beta-Update\/de\/unicoil-und-die-gesellschaft\/#breadcrumb\"},\"inLanguage\":\"en-US\",\"potentialAction\":[{\"@type\":\"ReadAction\",\"target\":[\"https:\/\/www.unicoil.com.sa\/Unicoil-Beta-Update\/de\/unicoil-und-die-gesellschaft\/\"]}]},{\"@type\":\"BreadcrumbList\",\"@id\":\"https:\/\/www.unicoil.com.sa\/Unicoil-Beta-Update\/de\/unicoil-und-die-gesellschaft\/#breadcrumb\",\"itemListElement\":[{\"@type\":\"ListItem\",\"position\":1,\"name\":\"Home\",\"item\":\"https:\/\/www.unicoil.com.sa\/Unicoil-Beta-Update\/en\/\"},{\"@type\":\"ListItem\",\"position\":2,\"name\":\"UNICOIL und die Gesellschaft\"}]},{\"@type\":\"WebSite\",\"@id\":\"https:\/\/www.unicoil.com.sa\/Unicoil-Beta-Update\/#website\",\"url\":\"https:\/\/www.unicoil.com.sa\/Unicoil-Beta-Update\/\",\"name\":\"UNICOIL\",\"description\":\"UNICOIL - A Leader in Steel Coil Coating and Prepainted Steels\",\"publisher\":{\"@id\":\"https:\/\/www.unicoil.com.sa\/Unicoil-Beta-Update\/#organization\"},\"potentialAction\":[{\"@type\":\"SearchAction\",\"target\":{\"@type\":\"EntryPoint\",\"urlTemplate\":\"https:\/\/www.unicoil.com.sa\/Unicoil-Beta-Update\/?s={search_term_string}\"},\"query-input\":\"required name=search_term_string\"}],\"inLanguage\":\"en-US\"},{\"@type\":\"Organization\",\"@id\":\"https:\/\/www.unicoil.com.sa\/Unicoil-Beta-Update\/#organization\",\"name\":\"UNICOIL\",\"url\":\"https:\/\/www.unicoil.com.sa\/Unicoil-Beta-Update\/\",\"logo\":{\"@type\":\"ImageObject\",\"inLanguage\":\"en-US\",\"@id\":\"https:\/\/www.unicoil.com.sa\/Unicoil-Beta-Update\/#\/schema\/logo\/image\/\",\"url\":\"https:\/\/www.unicoil.com.sa\/Unicoil-Beta-Update\/wp-content\/uploads\/UNICOIL-Logo-1.png\",\"contentUrl\":\"https:\/\/www.unicoil.com.sa\/Unicoil-Beta-Update\/wp-content\/uploads\/UNICOIL-Logo-1.png\",\"width\":1028,\"height\":617,\"caption\":\"UNICOIL\"},\"image\":{\"@id\":\"https:\/\/www.unicoil.com.sa\/Unicoil-Beta-Update\/#\/schema\/logo\/image\/\"}}]}<\/script>\n<!-- \/ Yoast SEO plugin. -->","yoast_head_json":{"title":"UNICOIL und die Gesellschaft - UNICOIL","robots":{"index":"index","follow":"follow","max-snippet":"max-snippet:-1","max-image-preview":"max-image-preview:large","max-video-preview":"max-video-preview:-1"},"canonical":"https:\/\/www.unicoil.com.sa\/Unicoil-Beta-Update\/de\/unicoil-und-die-gesellschaft\/","og_locale":"en_US","og_type":"article","og_title":"UNICOIL und die Gesellschaft - UNICOIL","og_description":"UNICOIL setzt sich im Rahmen seiner T\u00e4tigkeit wie folgt f\u00fcr Qualit\u00e4t ein: UNICOIL verwendet Wiedergewinnungsanlagen f\u00fcr Salzs\u00e4ure, die anschlie\u00dfend erneut zum Beizen eingesetzt wird. Dies schont die Umwelt und die nat\u00fcrlichen Ressourcen. UNICOIL verf\u00fcgt \u00fcber eine moderne Wasseraufbereitungsanlage f\u00fcr das Brauchwasser unterschiedlicher industrieller Fertigungsprozesse. Diese Anlage gew\u00e4hrleistest die Einhaltung der Entsorgungsvorgaben der Royal Commission. Kooperation [&hellip;]","og_url":"https:\/\/www.unicoil.com.sa\/Unicoil-Beta-Update\/de\/unicoil-und-die-gesellschaft\/","og_site_name":"UNICOIL","article_modified_time":"2022-10-10T11:23:37+00:00","twitter_card":"summary_large_image","twitter_misc":{"Est. reading time":"6 minutes"},"schema":{"@context":"https:\/\/schema.org","@graph":[{"@type":"WebPage","@id":"https:\/\/www.unicoil.com.sa\/Unicoil-Beta-Update\/de\/unicoil-und-die-gesellschaft\/","url":"https:\/\/www.unicoil.com.sa\/Unicoil-Beta-Update\/de\/unicoil-und-die-gesellschaft\/","name":"UNICOIL und die Gesellschaft - UNICOIL","isPartOf":{"@id":"https:\/\/www.unicoil.com.sa\/Unicoil-Beta-Update\/#website"},"datePublished":"2019-06-30T06:17:20+00:00","dateModified":"2022-10-10T11:23:37+00:00","breadcrumb":{"@id":"https:\/\/www.unicoil.com.sa\/Unicoil-Beta-Update\/de\/unicoil-und-die-gesellschaft\/#breadcrumb"},"inLanguage":"en-US","potentialAction":[{"@type":"ReadAction","target":["https:\/\/www.unicoil.com.sa\/Unicoil-Beta-Update\/de\/unicoil-und-die-gesellschaft\/"]}]},{"@type":"BreadcrumbList","@id":"https:\/\/www.unicoil.com.sa\/Unicoil-Beta-Update\/de\/unicoil-und-die-gesellschaft\/#breadcrumb","itemListElement":[{"@type":"ListItem","position":1,"name":"Home","item":"https:\/\/www.unicoil.com.sa\/Unicoil-Beta-Update\/en\/"},{"@type":"ListItem","position":2,"name":"UNICOIL und die Gesellschaft"}]},{"@type":"WebSite","@id":"https:\/\/www.unicoil.com.sa\/Unicoil-Beta-Update\/#website","url":"https:\/\/www.unicoil.com.sa\/Unicoil-Beta-Update\/","name":"UNICOIL","description":"UNICOIL - A Leader in Steel Coil Coating and Prepainted Steels","publisher":{"@id":"https:\/\/www.unicoil.com.sa\/Unicoil-Beta-Update\/#organization"},"potentialAction":[{"@type":"SearchAction","target":{"@type":"EntryPoint","urlTemplate":"https:\/\/www.unicoil.com.sa\/Unicoil-Beta-Update\/?s={search_term_string}"},"query-input":"required name=search_term_string"}],"inLanguage":"en-US"},{"@type":"Organization","@id":"https:\/\/www.unicoil.com.sa\/Unicoil-Beta-Update\/#organization","name":"UNICOIL","url":"https:\/\/www.unicoil.com.sa\/Unicoil-Beta-Update\/","logo":{"@type":"ImageObject","inLanguage":"en-US","@id":"https:\/\/www.unicoil.com.sa\/Unicoil-Beta-Update\/#\/schema\/logo\/image\/","url":"https:\/\/www.unicoil.com.sa\/Unicoil-Beta-Update\/wp-content\/uploads\/UNICOIL-Logo-1.png","contentUrl":"https:\/\/www.unicoil.com.sa\/Unicoil-Beta-Update\/wp-content\/uploads\/UNICOIL-Logo-1.png","width":1028,"height":617,"caption":"UNICOIL"},"image":{"@id":"https:\/\/www.unicoil.com.sa\/Unicoil-Beta-Update\/#\/schema\/logo\/image\/"}}]}},"_links":{"self":[{"href":"https:\/\/www.unicoil.com.sa\/Unicoil-Beta-Update\/wp-json\/wp\/v2\/pages\/15206"}],"collection":[{"href":"https:\/\/www.unicoil.com.sa\/Unicoil-Beta-Update\/wp-json\/wp\/v2\/pages"}],"about":[{"href":"https:\/\/www.unicoil.com.sa\/Unicoil-Beta-Update\/wp-json\/wp\/v2\/types\/page"}],"author":[{"embeddable":true,"href":"https:\/\/www.unicoil.com.sa\/Unicoil-Beta-Update\/wp-json\/wp\/v2\/users\/3"}],"replies":[{"embeddable":true,"href":"https:\/\/www.unicoil.com.sa\/Unicoil-Beta-Update\/wp-json\/wp\/v2\/comments?post=15206"}],"version-history":[{"count":2,"href":"https:\/\/www.unicoil.com.sa\/Unicoil-Beta-Update\/wp-json\/wp\/v2\/pages\/15206\/revisions"}],"predecessor-version":[{"id":22940,"href":"https:\/\/www.unicoil.com.sa\/Unicoil-Beta-Update\/wp-json\/wp\/v2\/pages\/15206\/revisions\/22940"}],"wp:attachment":[{"href":"https:\/\/www.unicoil.com.sa\/Unicoil-Beta-Update\/wp-json\/wp\/v2\/media?parent=15206"}],"curies":[{"name":"wp","href":"https:\/\/api.w.org\/{rel}","templated":true}]}}