{"id":15260,"date":"2019-06-30T06:55:03","date_gmt":"2019-06-30T06:55:03","guid":{"rendered":"http:\/\/www.unicoil.sa\/?page_id=15260"},"modified":"2022-10-10T12:22:03","modified_gmt":"2022-10-10T12:22:03","slug":"securite-par-choix-pas-par-hasard","status":"publish","type":"page","link":"https:\/\/www.unicoil.com.sa\/Unicoil-Beta-Update\/fr\/securite-par-choix-pas-par-hasard\/","title":{"rendered":"S\u00e9curit\u00e9 par choix \u2026 pas par hasard"},"content":{"rendered":"UNICOIL met au premier plan la s\u00fbret\u00e9 de ses employ\u00e9s et visiteurs. D\u00e8s leur arriv\u00e9e sur le site, UNICOIL garantit la s\u00fbret\u00e9 des employ\u00e9s et des visiteurs en mettant en \u0153uvre des r\u00e8gles et des proc\u00e9dures de s\u00e9curit\u00e9 vari\u00e9es.\n\n<img decoding=\"async\" loading=\"lazy\" src=\"\/wp-content\/uploads\/2017\/03\/unicoil-safety.jpg\" alt=\"unicoil-safety\" width=\"800\" height=\"334\" class=\"aligncenter size-full wp-image-3038\" srcset=\"https:\/\/www.unicoil.com.sa\/Unicoil-Beta-Update\/wp-content\/uploads\/2017\/03\/unicoil-safety.jpg 800w, https:\/\/www.unicoil.com.sa\/Unicoil-Beta-Update\/wp-content\/uploads\/2017\/03\/unicoil-safety-300x125.jpg 300w, https:\/\/www.unicoil.com.sa\/Unicoil-Beta-Update\/wp-content\/uploads\/2017\/03\/unicoil-safety-768x321.jpg 768w\" sizes=\"(max-width: 800px) 100vw, 800px\" \/>\n\n<div class=\"clearfix\" style=\"height:10px\"><\/div>\n\nM\u00eame si l&#8217;entreprise se pr\u00e9pare \u00e0 toute \u00e9ventualit\u00e9 li\u00e9e \u00e0 la s\u00fbret\u00e9, UNICOIL croit que mieux vaut pr\u00e9venir que gu\u00e9rir. UNICOIL fournit des outils pour sensibiliser ses employ\u00e9s et visiteurs \u00e0 la s\u00fbret\u00e9.\n\n<div class=\"clearfix\" style=\"height:30px\"><\/div>\n\n<div class=\"row clearfix\">\n\n<div class=\"box three \">\n<img decoding=\"async\" loading=\"lazy\" src=\"\/wp-content\/uploads\/2017\/03\/safety-newsletter02.jpg\" alt=\"safety-newsletter02\" width=\"400\" height=\"274\" class=\"aligncenter size-full wp-image-3042\" srcset=\"https:\/\/www.unicoil.com.sa\/Unicoil-Beta-Update\/wp-content\/uploads\/2017\/03\/safety-newsletter02.jpg 400w, https:\/\/www.unicoil.com.sa\/Unicoil-Beta-Update\/wp-content\/uploads\/2017\/03\/safety-newsletter02-300x206.jpg 300w\" sizes=\"(max-width: 400px) 100vw, 400px\" \/>\n<\/div>\n\n<div class=\"box two-three \">\n<h3>Bulletin d&#8217;information li\u00e9 \u00e0 la s\u00fbret\u00e9<\/h3>\n<hr class=\"style-five margin-t10 margin-b20 \"  data-rt-animate=\"animate\" data-rt-animation-type=\"fadeInDown\" data-rt-animation-group=\"single\" >\n\nUn bulletin d&#8217;information couvrant diff\u00e9rents sujets relatifs \u00e0 la s\u00fbret\u00e9 est publi\u00e9 chaque semaine pour les employ\u00e9s d&#8217;UNICOIL. Ce bulletin d&#8217;information fournit les pr\u00e9visions m\u00e9t\u00e9orologiques et des informations essentielles de sensibilisation des employ\u00e9s \u00e0 la s\u00fbret\u00e9 et \u00e0 la sant\u00e9 au travail pour qu&#8217;ils restent en s\u00e9curit\u00e9 et en bonne sant\u00e9 physique.\n\n<\/div>\n\n<\/div>\n\n<div class=\"clearfix\" style=\"height:30px\"><\/div>\n\n<div class=\"row clearfix\">\n\n<div class=\"box three \">\n<img decoding=\"async\" loading=\"lazy\" src=\"\/wp-content\/uploads\/2017\/03\/safety-handbook02.jpg\" alt=\"safety-handbook02\" width=\"400\" height=\"274\" class=\"aligncenter size-full wp-image-3045\" srcset=\"https:\/\/www.unicoil.com.sa\/Unicoil-Beta-Update\/wp-content\/uploads\/2017\/03\/safety-handbook02.jpg 400w, https:\/\/www.unicoil.com.sa\/Unicoil-Beta-Update\/wp-content\/uploads\/2017\/03\/safety-handbook02-300x206.jpg 300w\" sizes=\"(max-width: 400px) 100vw, 400px\" \/>\n<\/div>\n\n<div class=\"box two-three \">\n<h3>Manuel de s\u00e9curit\u00e9<\/h3>\n<hr class=\"style-five margin-t10 margin-b20 \"  data-rt-animate=\"animate\" data-rt-animation-type=\"fadeInDown\" data-rt-animation-group=\"single\" >\n\nUn manuel de s\u00e9curit\u00e9 et des brochures sont remis aux employ\u00e9s et aux visiteurs pour les guider et les informer. Ce manuel contient les r\u00e8gles de s\u00e9curit\u00e9 minimales applicables aux employ\u00e9s, visiteurs, \u00e9tudiants et prestataires en visite ou effectuant des travaux dans les installations d&#8217;UNICOIL.\n\n<\/div>\n\n<\/div>\n\n<div class=\"clearfix\" style=\"height:30px\"><\/div>\n\nRemarque : UNICOIL accueille des visiteurs dans ses installations. Pour organiser une visite, veuillez nous contacter pour plus d&#8217;informations.\n\n<div class=\"clearfix\" style=\"height:30px\"><\/div>","protected":false},"excerpt":{"rendered":"UNICOIL met au premier plan la s\u00fbret\u00e9 de ses employ\u00e9s et visiteurs. D\u00e8s leur arriv\u00e9e sur le site, UNICOIL garantit la s\u00fbret\u00e9 des employ\u00e9s et des visiteurs en mettant en \u0153uvre des r\u00e8gles et des proc\u00e9dures de s\u00e9curit\u00e9 vari\u00e9es. M\u00eame si l&#8217;entreprise se pr\u00e9pare \u00e0 toute \u00e9ventualit\u00e9 li\u00e9e \u00e0 la s\u00fbret\u00e9, UNICOIL croit que mieux [&hellip;]","protected":false},"author":3,"featured_media":0,"parent":0,"menu_order":0,"comment_status":"closed","ping_status":"closed","template":"elementor_theme","meta":{"footnotes":""},"yoast_head":"<!-- This site is optimized with the Yoast SEO plugin v21.4 - https:\/\/yoast.com\/wordpress\/plugins\/seo\/ -->\n<title>S\u00e9curit\u00e9 par choix \u2026 pas par hasard - UNICOIL<\/title>\n<meta name=\"robots\" content=\"index, follow, max-snippet:-1, max-image-preview:large, max-video-preview:-1\" \/>\n<link rel=\"canonical\" href=\"https:\/\/www.unicoil.com.sa\/Unicoil-Beta-Update\/fr\/securite-par-choix-pas-par-hasard\/\" \/>\n<meta property=\"og:locale\" content=\"en_US\" \/>\n<meta property=\"og:type\" content=\"article\" \/>\n<meta property=\"og:title\" content=\"S\u00e9curit\u00e9 par choix \u2026 pas par hasard - UNICOIL\" \/>\n<meta property=\"og:description\" content=\"UNICOIL met au premier plan la s\u00fbret\u00e9 de ses employ\u00e9s et visiteurs. D\u00e8s leur arriv\u00e9e sur le site, UNICOIL garantit la s\u00fbret\u00e9 des employ\u00e9s et des visiteurs en mettant en \u0153uvre des r\u00e8gles et des proc\u00e9dures de s\u00e9curit\u00e9 vari\u00e9es. M\u00eame si l&#8217;entreprise se pr\u00e9pare \u00e0 toute \u00e9ventualit\u00e9 li\u00e9e \u00e0 la s\u00fbret\u00e9, UNICOIL croit que mieux [&hellip;]\" \/>\n<meta property=\"og:url\" content=\"https:\/\/www.unicoil.com.sa\/Unicoil-Beta-Update\/fr\/securite-par-choix-pas-par-hasard\/\" \/>\n<meta property=\"og:site_name\" content=\"UNICOIL\" \/>\n<meta property=\"article:modified_time\" content=\"2022-10-10T12:22:03+00:00\" \/>\n<meta name=\"twitter:card\" content=\"summary_large_image\" \/>\n<meta name=\"twitter:label1\" content=\"Est. reading time\" \/>\n\t<meta name=\"twitter:data1\" content=\"2 minutes\" \/>\n<script type=\"application\/ld+json\" class=\"yoast-schema-graph\">{\"@context\":\"https:\/\/schema.org\",\"@graph\":[{\"@type\":\"WebPage\",\"@id\":\"https:\/\/www.unicoil.com.sa\/Unicoil-Beta-Update\/fr\/securite-par-choix-pas-par-hasard\/\",\"url\":\"https:\/\/www.unicoil.com.sa\/Unicoil-Beta-Update\/fr\/securite-par-choix-pas-par-hasard\/\",\"name\":\"S\u00e9curit\u00e9 par choix \u2026 pas par hasard - UNICOIL\",\"isPartOf\":{\"@id\":\"https:\/\/www.unicoil.com.sa\/Unicoil-Beta-Update\/#website\"},\"datePublished\":\"2019-06-30T06:55:03+00:00\",\"dateModified\":\"2022-10-10T12:22:03+00:00\",\"breadcrumb\":{\"@id\":\"https:\/\/www.unicoil.com.sa\/Unicoil-Beta-Update\/fr\/securite-par-choix-pas-par-hasard\/#breadcrumb\"},\"inLanguage\":\"en-US\",\"potentialAction\":[{\"@type\":\"ReadAction\",\"target\":[\"https:\/\/www.unicoil.com.sa\/Unicoil-Beta-Update\/fr\/securite-par-choix-pas-par-hasard\/\"]}]},{\"@type\":\"BreadcrumbList\",\"@id\":\"https:\/\/www.unicoil.com.sa\/Unicoil-Beta-Update\/fr\/securite-par-choix-pas-par-hasard\/#breadcrumb\",\"itemListElement\":[{\"@type\":\"ListItem\",\"position\":1,\"name\":\"Home\",\"item\":\"https:\/\/www.unicoil.com.sa\/Unicoil-Beta-Update\/en\/\"},{\"@type\":\"ListItem\",\"position\":2,\"name\":\"S\u00e9curit\u00e9 par choix \u2026 pas par hasard\"}]},{\"@type\":\"WebSite\",\"@id\":\"https:\/\/www.unicoil.com.sa\/Unicoil-Beta-Update\/#website\",\"url\":\"https:\/\/www.unicoil.com.sa\/Unicoil-Beta-Update\/\",\"name\":\"UNICOIL\",\"description\":\"UNICOIL - A Leader in Steel Coil Coating and Prepainted Steels\",\"publisher\":{\"@id\":\"https:\/\/www.unicoil.com.sa\/Unicoil-Beta-Update\/#organization\"},\"potentialAction\":[{\"@type\":\"SearchAction\",\"target\":{\"@type\":\"EntryPoint\",\"urlTemplate\":\"https:\/\/www.unicoil.com.sa\/Unicoil-Beta-Update\/?s={search_term_string}\"},\"query-input\":\"required name=search_term_string\"}],\"inLanguage\":\"en-US\"},{\"@type\":\"Organization\",\"@id\":\"https:\/\/www.unicoil.com.sa\/Unicoil-Beta-Update\/#organization\",\"name\":\"UNICOIL\",\"url\":\"https:\/\/www.unicoil.com.sa\/Unicoil-Beta-Update\/\",\"logo\":{\"@type\":\"ImageObject\",\"inLanguage\":\"en-US\",\"@id\":\"https:\/\/www.unicoil.com.sa\/Unicoil-Beta-Update\/#\/schema\/logo\/image\/\",\"url\":\"https:\/\/www.unicoil.com.sa\/Unicoil-Beta-Update\/wp-content\/uploads\/UNICOIL-Logo-1.png\",\"contentUrl\":\"https:\/\/www.unicoil.com.sa\/Unicoil-Beta-Update\/wp-content\/uploads\/UNICOIL-Logo-1.png\",\"width\":1028,\"height\":617,\"caption\":\"UNICOIL\"},\"image\":{\"@id\":\"https:\/\/www.unicoil.com.sa\/Unicoil-Beta-Update\/#\/schema\/logo\/image\/\"}}]}<\/script>\n<!-- \/ Yoast SEO plugin. -->","yoast_head_json":{"title":"S\u00e9curit\u00e9 par choix \u2026 pas par hasard - UNICOIL","robots":{"index":"index","follow":"follow","max-snippet":"max-snippet:-1","max-image-preview":"max-image-preview:large","max-video-preview":"max-video-preview:-1"},"canonical":"https:\/\/www.unicoil.com.sa\/Unicoil-Beta-Update\/fr\/securite-par-choix-pas-par-hasard\/","og_locale":"en_US","og_type":"article","og_title":"S\u00e9curit\u00e9 par choix \u2026 pas par hasard - UNICOIL","og_description":"UNICOIL met au premier plan la s\u00fbret\u00e9 de ses employ\u00e9s et visiteurs. D\u00e8s leur arriv\u00e9e sur le site, UNICOIL garantit la s\u00fbret\u00e9 des employ\u00e9s et des visiteurs en mettant en \u0153uvre des r\u00e8gles et des proc\u00e9dures de s\u00e9curit\u00e9 vari\u00e9es. M\u00eame si l&#8217;entreprise se pr\u00e9pare \u00e0 toute \u00e9ventualit\u00e9 li\u00e9e \u00e0 la s\u00fbret\u00e9, UNICOIL croit que mieux [&hellip;]","og_url":"https:\/\/www.unicoil.com.sa\/Unicoil-Beta-Update\/fr\/securite-par-choix-pas-par-hasard\/","og_site_name":"UNICOIL","article_modified_time":"2022-10-10T12:22:03+00:00","twitter_card":"summary_large_image","twitter_misc":{"Est. reading time":"2 minutes"},"schema":{"@context":"https:\/\/schema.org","@graph":[{"@type":"WebPage","@id":"https:\/\/www.unicoil.com.sa\/Unicoil-Beta-Update\/fr\/securite-par-choix-pas-par-hasard\/","url":"https:\/\/www.unicoil.com.sa\/Unicoil-Beta-Update\/fr\/securite-par-choix-pas-par-hasard\/","name":"S\u00e9curit\u00e9 par choix \u2026 pas par hasard - UNICOIL","isPartOf":{"@id":"https:\/\/www.unicoil.com.sa\/Unicoil-Beta-Update\/#website"},"datePublished":"2019-06-30T06:55:03+00:00","dateModified":"2022-10-10T12:22:03+00:00","breadcrumb":{"@id":"https:\/\/www.unicoil.com.sa\/Unicoil-Beta-Update\/fr\/securite-par-choix-pas-par-hasard\/#breadcrumb"},"inLanguage":"en-US","potentialAction":[{"@type":"ReadAction","target":["https:\/\/www.unicoil.com.sa\/Unicoil-Beta-Update\/fr\/securite-par-choix-pas-par-hasard\/"]}]},{"@type":"BreadcrumbList","@id":"https:\/\/www.unicoil.com.sa\/Unicoil-Beta-Update\/fr\/securite-par-choix-pas-par-hasard\/#breadcrumb","itemListElement":[{"@type":"ListItem","position":1,"name":"Home","item":"https:\/\/www.unicoil.com.sa\/Unicoil-Beta-Update\/en\/"},{"@type":"ListItem","position":2,"name":"S\u00e9curit\u00e9 par choix \u2026 pas par hasard"}]},{"@type":"WebSite","@id":"https:\/\/www.unicoil.com.sa\/Unicoil-Beta-Update\/#website","url":"https:\/\/www.unicoil.com.sa\/Unicoil-Beta-Update\/","name":"UNICOIL","description":"UNICOIL - A Leader in Steel Coil Coating and Prepainted Steels","publisher":{"@id":"https:\/\/www.unicoil.com.sa\/Unicoil-Beta-Update\/#organization"},"potentialAction":[{"@type":"SearchAction","target":{"@type":"EntryPoint","urlTemplate":"https:\/\/www.unicoil.com.sa\/Unicoil-Beta-Update\/?s={search_term_string}"},"query-input":"required name=search_term_string"}],"inLanguage":"en-US"},{"@type":"Organization","@id":"https:\/\/www.unicoil.com.sa\/Unicoil-Beta-Update\/#organization","name":"UNICOIL","url":"https:\/\/www.unicoil.com.sa\/Unicoil-Beta-Update\/","logo":{"@type":"ImageObject","inLanguage":"en-US","@id":"https:\/\/www.unicoil.com.sa\/Unicoil-Beta-Update\/#\/schema\/logo\/image\/","url":"https:\/\/www.unicoil.com.sa\/Unicoil-Beta-Update\/wp-content\/uploads\/UNICOIL-Logo-1.png","contentUrl":"https:\/\/www.unicoil.com.sa\/Unicoil-Beta-Update\/wp-content\/uploads\/UNICOIL-Logo-1.png","width":1028,"height":617,"caption":"UNICOIL"},"image":{"@id":"https:\/\/www.unicoil.com.sa\/Unicoil-Beta-Update\/#\/schema\/logo\/image\/"}}]}},"_links":{"self":[{"href":"https:\/\/www.unicoil.com.sa\/Unicoil-Beta-Update\/wp-json\/wp\/v2\/pages\/15260"}],"collection":[{"href":"https:\/\/www.unicoil.com.sa\/Unicoil-Beta-Update\/wp-json\/wp\/v2\/pages"}],"about":[{"href":"https:\/\/www.unicoil.com.sa\/Unicoil-Beta-Update\/wp-json\/wp\/v2\/types\/page"}],"author":[{"embeddable":true,"href":"https:\/\/www.unicoil.com.sa\/Unicoil-Beta-Update\/wp-json\/wp\/v2\/users\/3"}],"replies":[{"embeddable":true,"href":"https:\/\/www.unicoil.com.sa\/Unicoil-Beta-Update\/wp-json\/wp\/v2\/comments?post=15260"}],"version-history":[{"count":2,"href":"https:\/\/www.unicoil.com.sa\/Unicoil-Beta-Update\/wp-json\/wp\/v2\/pages\/15260\/revisions"}],"predecessor-version":[{"id":23011,"href":"https:\/\/www.unicoil.com.sa\/Unicoil-Beta-Update\/wp-json\/wp\/v2\/pages\/15260\/revisions\/23011"}],"wp:attachment":[{"href":"https:\/\/www.unicoil.com.sa\/Unicoil-Beta-Update\/wp-json\/wp\/v2\/media?parent=15260"}],"curies":[{"name":"wp","href":"https:\/\/api.w.org\/{rel}","templated":true}]}}