{"id":15390,"date":"2019-07-03T05:26:33","date_gmt":"2019-07-03T05:26:33","guid":{"rendered":"http:\/\/www.unicoil.sa\/?page_id=15390"},"modified":"2022-10-11T05:38:09","modified_gmt":"2022-10-11T05:38:09","slug":"mogalvin-ctoc-3-2","status":"publish","type":"page","link":"https:\/\/www.unicoil.com.sa\/Unicoil-Beta-Update\/fr\/mogalvin-ctoc-3-2\/","title":{"rendered":"Mogalvin CTOC"},"content":{"rendered":"<div class=\"row clearfix\">\n\n<div class=\"box three \">\n<div class=\"box-conts\"><img decoding=\"async\" loading=\"lazy\" src=\"\/wp-content\/uploads\/2018\/04\/mogalvin-ctoc-logo.png\" alt=\"mogalvin-logo\" width=\"250\" height=\"96\" class=\"aligncenter size-full wp-image-3124\"><\/div>\n<\/div>\n\n<div class=\"box two-three \">\n<hr class=\"style-four margin-t0 margin-b0 \"  data-rt-animate=\"animate\" data-rt-animation-type=\"fadeInDown\" data-rt-animation-group=\"single\" >\n<h4>Qualit\u00e9s<\/h4>\nAcier commercial : CS de types A, B et C\nAcier pour formage : FS de types A et B\nAcier structural : (SS33, SS37, SS40, SS50 de classes 1, 2, 3 et 4, et SS80)\n\n<hr class=\"style-four margin-t0 margin-b0 \"  data-rt-animate=\"animate\" data-rt-animation-type=\"fadeInDown\" data-rt-animation-group=\"single\" >\n<\/div>\n\n<\/div>\n\n<div class=\"clearfix\" style=\"height:30px\"><\/div>\n\n<div class=\"shortcode_tabs tab-style-three\" data-rt-animate=\"animate\" data-rt-animation-type=\"fadeIn\" data-rt-animation-group=\"single\"><div class=\"tabs_wrap\"><ul class=\"tabs clearfix\"><li class=\"with_icon\"><a href=\"#\"><span class=\"icon-doc-alt icon-large\"><\/span> Description g\u00e9n\u00e9rale<\/a><\/li><li class=\"with_icon\"><a href=\"#\"><span class=\"icon-cog-alt icon-large\"><\/span> Donn\u00e9es techniques<\/a><\/li><li class=\"with_icon\"><a href=\"#\"><span class=\"icon-download icon-large\"><\/span> T\u00e9l\u00e9chargements<\/a><\/li><\/ul><div class=\"panes\">\n\n <div class=\"pane fluid\">\n\nMOGALVIN COLORED THIN ORGANIC COATING (CTOC) &#8211; Une couche mince sp\u00e9ciale de rev\u00eatement combine des polym\u00e8res et des compos\u00e9s inorganiques rev\u00eatus sur Mogalvin; Un produit galvanis\u00e9 d&#8217;UNICOIL qui est enduit en continu d&#8217;acier des deux c\u00f4t\u00e9s avec un rev\u00eatement de zinc; fournit des propri\u00e9t\u00e9s tr\u00e8s avanc\u00e9es, telles que la formabilit\u00e9 am\u00e9lior\u00e9e, la r\u00e9sistance \u00e0 la corrosion et la capacit\u00e9 de peinture, en plus de la protection pendant le stockage et le transport.\n\nDisponible avec des finitions de surface sp\u00e9ciales, adapt\u00e9es \u00e0 des applications sp\u00e9cifiques, et dans une vari\u00e9t\u00e9 de nuances de m\u00e9tal de base et de rev\u00eatement.\n\nLargement utilis\u00e9 dans de nombreuses applications dans la construction, HVAC, Appliance, Automobile et autres industries.\n<h3>Avantages sp\u00e9ciaux<\/h3>\n<ul>\n \t<li>Fournit 3 fois plus de r\u00e9sistance \u00e0 la corrosion<\/li>\n \t<li>Bonne lubrification &#8211; Quotient inf\u00e9rieur de frottement<\/li>\n \t<li>Am\u00e9liore la formabilit\u00e9<\/li>\n \t<li>Surface d&#8217;impression anti-doigts<\/li>\n \t<li>Peignable<\/li>\n \t<li>Soudable<\/li>\n \t<li>Conforme \u00e0 ROHS<\/li>\n<\/ul>\n<\/div>\n\n <div class=\"pane fluid\">\n<h4>Caract\u00e9ristiques du produit<\/h4>\n<table class=\"rwd-table\">\n<tbody>\n<tr>\n<th><\/th>\n<th>Bobines<\/th>\n<th>Bobines refendues<\/th>\n<th>T\u00f4le d\u00e9coup\u00e9e<\/th>\n<\/tr>\n<tr>\n<td><strong>\u00c9paisseur (mm)<\/strong><\/td>\n<td data-th=\"Bobines\">0,25 &#8211; 1,20<\/td>\n<td data-th=\"Bobines refendues\">0,40 &#8211; 1,20<\/td>\n<td data-th=\"T\u00f4le d\u00e9coup\u00e9e\">0,30 &#8211; 1,20<\/td>\n<\/tr>\n<tr>\n<td><strong>Largeur (mm)<\/strong><\/td>\n<td data-th=\"Bobines\">de 1 000 \u00e0 1 250<\/td>\n<td data-th=\"Bobines refendues\">45 mm Min<\/td>\n<td data-th=\"T\u00f4le d\u00e9coup\u00e9e\">600 &#8211; 1 250<\/td>\n<\/tr>\n<tr>\n<td><strong>Rev\u00eatement de zinc (g\/m\u00b2)*<\/strong><\/td>\n<td data-th=\"Bobines\">de 45 \u00e0 350\n(total des deux faces)<\/td>\n<td data-th=\"Bobines refendues\">de 45 \u00e0 350\n(total des deux faces)<\/td>\n<td data-th=\"T\u00f4le d\u00e9coup\u00e9e\">de 45 \u00e0 350\n(total des deux faces)<\/td>\n<\/tr>\n<tr>\n<td><strong>Paillettes<\/strong><\/td>\n<td data-th=\"Bobines\">Paillettes r\u00e9guli\u00e8res \/ minimales (lamin\u00e9 superficiellement)<\/td>\n<td data-th=\"Bobines refendues\">Paillettes r\u00e9guli\u00e8res \/ minimales (lamin\u00e9 superficiellement)<\/td>\n<td data-th=\"T\u00f4le d\u00e9coup\u00e9e\">Paillettes r\u00e9guli\u00e8res \/ minimales (lamin\u00e9 superficiellement)<\/td>\n<\/tr>\n<tr>\n<td><strong>Passivation<\/strong><\/td>\n<td data-th=\"Bobines\">CTOC<\/td>\n<td data-th=\"Bobines refendues\">CTOC<\/td>\n<td data-th=\"T\u00f4le d\u00e9coup\u00e9e\">CTOC<\/td>\n<\/tr>\n<tr>\n<td><strong>DI de bobine(mm)<\/strong><\/td>\n<td data-th=\"Bobines\">508 (610 en option)<\/td>\n<td data-th=\"Bobines refendues\">508 (160, 200 et 300 pour le secteur des c\u00e2bles)<\/td>\n<td data-th=\"T\u00f4le d\u00e9coup\u00e9e\">Non applicable<\/td>\n<\/tr>\n<tr>\n<td><strong>Longueur (mm)<\/strong><\/td>\n<td data-th=\"Bobines\">Non applicable<\/td>\n<td data-th=\"Bobines refendues\">Non applicable<\/td>\n<td data-th=\"T\u00f4le d\u00e9coup\u00e9e\">500 &#8211; 4 000<\/td>\n<\/tr>\n<tr>\n<td><strong>Poids de bobine \/ poids de palette (kg)<\/strong><\/td>\n<td data-th=\"Bobines\">3 000 &#8211; 12 000<\/td>\n<td data-th=\"Bobines refendues\">de 2 kg\/mm \u00e0 6 kg\/mm de largeur<\/td>\n<td data-th=\"T\u00f4le d\u00e9coup\u00e9e\">3 000 Max<\/td>\n<\/tr>\n<\/tbody>\n<\/table>\n\n\t\t<div class=\"info_box margin-b20 clearfix info\" data-rt-animate=\"animate\" data-rt-animation-type=\"fadeInDown\" data-rt-animation-group=\"single\">\n\t\t\t<span class=\"icon-cancel\"><\/span>\n\t\t\t<p class=\"icon-info-circled\">\n\t\t\t\t* Masse minimale du rev\u00eatement de zinc de 60 g\/m\u00b2 disponible pour une \u00e9paisseur sup\u00e9rieure \u00e0 0,45 mm.\n* masse minimale de rev\u00eatement de zinc de 45 g \/ m\u00b2 disponible pour les \u00e9paisseurs sup\u00e9rieures \u00e0 0,60 mm.\n** 45 g \/ m\u00b2 (G15 \/ Z45) seront disponibles pour le march\u00e9 d&#8217;exportation uniquement.\n\n\t\t\t<\/p>\n\t\t<\/div>\n\t\n\n<\/div>\n\n <div class=\"pane fluid\">\n<a href=\"\/wp-content\/uploads\/2019\/05\/Mogalvin-CTOC.pdf\" target=\"_blank\" rel=\"noopener noreferrer\"><img decoding=\"async\" src=\"\/wp-content\/uploads\/2017\/03\/unnamed.png\" alt=\"unnamed\" width=\"50\" class=\"alignleft size-full wp-image-3150\" srcset=\"https:\/\/www.unicoil.com.sa\/Unicoil-Beta-Update\/wp-content\/uploads\/2017\/03\/unnamed.png 170w, https:\/\/www.unicoil.com.sa\/Unicoil-Beta-Update\/wp-content\/uploads\/2017\/03\/unnamed-150x150.png 150w\" sizes=\"(max-width: 170px) 100vw, 170px\" \/><\/a>\n\n<a href=\"\/wp-content\/uploads\/2019\/05\/Mogalvin-CTOC.pdf\" target=\"_blank\" rel=\"noopener noreferrer\">\n<h3 style=\"margin-top: 15px;\"> Fiche technique<\/h3>\n<\/a><a href=\"\/wp-content\/uploads\/2019\/05\/Mogalvin-CTOC.pdf\" target=\"_blank\" rel=\"noopener noreferrer\"><\/a>\n<\/div>\n\n<\/div><\/div><\/div>","protected":false},"excerpt":{"rendered":"","protected":false},"author":3,"featured_media":0,"parent":0,"menu_order":0,"comment_status":"closed","ping_status":"closed","template":"elementor_theme","meta":{"footnotes":""},"yoast_head":"<!-- This site is optimized with the Yoast SEO plugin v21.4 - https:\/\/yoast.com\/wordpress\/plugins\/seo\/ -->\n<title>Mogalvin CTOC - UNICOIL<\/title>\n<meta name=\"robots\" content=\"index, follow, max-snippet:-1, max-image-preview:large, max-video-preview:-1\" \/>\n<link rel=\"canonical\" href=\"https:\/\/www.unicoil.com.sa\/Unicoil-Beta-Update\/fr\/mogalvin-ctoc-3-2\/\" \/>\n<meta property=\"og:locale\" content=\"en_US\" \/>\n<meta property=\"og:type\" content=\"article\" \/>\n<meta property=\"og:title\" content=\"Mogalvin CTOC - UNICOIL\" \/>\n<meta property=\"og:url\" content=\"https:\/\/www.unicoil.com.sa\/Unicoil-Beta-Update\/fr\/mogalvin-ctoc-3-2\/\" \/>\n<meta property=\"og:site_name\" content=\"UNICOIL\" \/>\n<meta property=\"article:modified_time\" content=\"2022-10-11T05:38:09+00:00\" \/>\n<meta name=\"twitter:card\" content=\"summary_large_image\" \/>\n<meta name=\"twitter:label1\" content=\"Est. reading time\" \/>\n\t<meta name=\"twitter:data1\" content=\"3 minutes\" \/>\n<script type=\"application\/ld+json\" class=\"yoast-schema-graph\">{\"@context\":\"https:\/\/schema.org\",\"@graph\":[{\"@type\":\"WebPage\",\"@id\":\"https:\/\/www.unicoil.com.sa\/Unicoil-Beta-Update\/fr\/mogalvin-ctoc-3-2\/\",\"url\":\"https:\/\/www.unicoil.com.sa\/Unicoil-Beta-Update\/fr\/mogalvin-ctoc-3-2\/\",\"name\":\"Mogalvin CTOC - UNICOIL\",\"isPartOf\":{\"@id\":\"https:\/\/www.unicoil.com.sa\/Unicoil-Beta-Update\/#website\"},\"datePublished\":\"2019-07-03T05:26:33+00:00\",\"dateModified\":\"2022-10-11T05:38:09+00:00\",\"breadcrumb\":{\"@id\":\"https:\/\/www.unicoil.com.sa\/Unicoil-Beta-Update\/fr\/mogalvin-ctoc-3-2\/#breadcrumb\"},\"inLanguage\":\"en-US\",\"potentialAction\":[{\"@type\":\"ReadAction\",\"target\":[\"https:\/\/www.unicoil.com.sa\/Unicoil-Beta-Update\/fr\/mogalvin-ctoc-3-2\/\"]}]},{\"@type\":\"BreadcrumbList\",\"@id\":\"https:\/\/www.unicoil.com.sa\/Unicoil-Beta-Update\/fr\/mogalvin-ctoc-3-2\/#breadcrumb\",\"itemListElement\":[{\"@type\":\"ListItem\",\"position\":1,\"name\":\"Home\",\"item\":\"https:\/\/www.unicoil.com.sa\/Unicoil-Beta-Update\/en\/\"},{\"@type\":\"ListItem\",\"position\":2,\"name\":\"Mogalvin CTOC\"}]},{\"@type\":\"WebSite\",\"@id\":\"https:\/\/www.unicoil.com.sa\/Unicoil-Beta-Update\/#website\",\"url\":\"https:\/\/www.unicoil.com.sa\/Unicoil-Beta-Update\/\",\"name\":\"UNICOIL\",\"description\":\"UNICOIL - A Leader in Steel Coil Coating and Prepainted Steels\",\"publisher\":{\"@id\":\"https:\/\/www.unicoil.com.sa\/Unicoil-Beta-Update\/#organization\"},\"potentialAction\":[{\"@type\":\"SearchAction\",\"target\":{\"@type\":\"EntryPoint\",\"urlTemplate\":\"https:\/\/www.unicoil.com.sa\/Unicoil-Beta-Update\/?s={search_term_string}\"},\"query-input\":\"required name=search_term_string\"}],\"inLanguage\":\"en-US\"},{\"@type\":\"Organization\",\"@id\":\"https:\/\/www.unicoil.com.sa\/Unicoil-Beta-Update\/#organization\",\"name\":\"UNICOIL\",\"url\":\"https:\/\/www.unicoil.com.sa\/Unicoil-Beta-Update\/\",\"logo\":{\"@type\":\"ImageObject\",\"inLanguage\":\"en-US\",\"@id\":\"https:\/\/www.unicoil.com.sa\/Unicoil-Beta-Update\/#\/schema\/logo\/image\/\",\"url\":\"https:\/\/www.unicoil.com.sa\/Unicoil-Beta-Update\/wp-content\/uploads\/UNICOIL-Logo-1.png\",\"contentUrl\":\"https:\/\/www.unicoil.com.sa\/Unicoil-Beta-Update\/wp-content\/uploads\/UNICOIL-Logo-1.png\",\"width\":1028,\"height\":617,\"caption\":\"UNICOIL\"},\"image\":{\"@id\":\"https:\/\/www.unicoil.com.sa\/Unicoil-Beta-Update\/#\/schema\/logo\/image\/\"}}]}<\/script>\n<!-- \/ Yoast SEO plugin. -->","yoast_head_json":{"title":"Mogalvin CTOC - UNICOIL","robots":{"index":"index","follow":"follow","max-snippet":"max-snippet:-1","max-image-preview":"max-image-preview:large","max-video-preview":"max-video-preview:-1"},"canonical":"https:\/\/www.unicoil.com.sa\/Unicoil-Beta-Update\/fr\/mogalvin-ctoc-3-2\/","og_locale":"en_US","og_type":"article","og_title":"Mogalvin CTOC - UNICOIL","og_url":"https:\/\/www.unicoil.com.sa\/Unicoil-Beta-Update\/fr\/mogalvin-ctoc-3-2\/","og_site_name":"UNICOIL","article_modified_time":"2022-10-11T05:38:09+00:00","twitter_card":"summary_large_image","twitter_misc":{"Est. reading time":"3 minutes"},"schema":{"@context":"https:\/\/schema.org","@graph":[{"@type":"WebPage","@id":"https:\/\/www.unicoil.com.sa\/Unicoil-Beta-Update\/fr\/mogalvin-ctoc-3-2\/","url":"https:\/\/www.unicoil.com.sa\/Unicoil-Beta-Update\/fr\/mogalvin-ctoc-3-2\/","name":"Mogalvin CTOC - UNICOIL","isPartOf":{"@id":"https:\/\/www.unicoil.com.sa\/Unicoil-Beta-Update\/#website"},"datePublished":"2019-07-03T05:26:33+00:00","dateModified":"2022-10-11T05:38:09+00:00","breadcrumb":{"@id":"https:\/\/www.unicoil.com.sa\/Unicoil-Beta-Update\/fr\/mogalvin-ctoc-3-2\/#breadcrumb"},"inLanguage":"en-US","potentialAction":[{"@type":"ReadAction","target":["https:\/\/www.unicoil.com.sa\/Unicoil-Beta-Update\/fr\/mogalvin-ctoc-3-2\/"]}]},{"@type":"BreadcrumbList","@id":"https:\/\/www.unicoil.com.sa\/Unicoil-Beta-Update\/fr\/mogalvin-ctoc-3-2\/#breadcrumb","itemListElement":[{"@type":"ListItem","position":1,"name":"Home","item":"https:\/\/www.unicoil.com.sa\/Unicoil-Beta-Update\/en\/"},{"@type":"ListItem","position":2,"name":"Mogalvin CTOC"}]},{"@type":"WebSite","@id":"https:\/\/www.unicoil.com.sa\/Unicoil-Beta-Update\/#website","url":"https:\/\/www.unicoil.com.sa\/Unicoil-Beta-Update\/","name":"UNICOIL","description":"UNICOIL - A Leader in Steel Coil Coating and Prepainted Steels","publisher":{"@id":"https:\/\/www.unicoil.com.sa\/Unicoil-Beta-Update\/#organization"},"potentialAction":[{"@type":"SearchAction","target":{"@type":"EntryPoint","urlTemplate":"https:\/\/www.unicoil.com.sa\/Unicoil-Beta-Update\/?s={search_term_string}"},"query-input":"required name=search_term_string"}],"inLanguage":"en-US"},{"@type":"Organization","@id":"https:\/\/www.unicoil.com.sa\/Unicoil-Beta-Update\/#organization","name":"UNICOIL","url":"https:\/\/www.unicoil.com.sa\/Unicoil-Beta-Update\/","logo":{"@type":"ImageObject","inLanguage":"en-US","@id":"https:\/\/www.unicoil.com.sa\/Unicoil-Beta-Update\/#\/schema\/logo\/image\/","url":"https:\/\/www.unicoil.com.sa\/Unicoil-Beta-Update\/wp-content\/uploads\/UNICOIL-Logo-1.png","contentUrl":"https:\/\/www.unicoil.com.sa\/Unicoil-Beta-Update\/wp-content\/uploads\/UNICOIL-Logo-1.png","width":1028,"height":617,"caption":"UNICOIL"},"image":{"@id":"https:\/\/www.unicoil.com.sa\/Unicoil-Beta-Update\/#\/schema\/logo\/image\/"}}]}},"_links":{"self":[{"href":"https:\/\/www.unicoil.com.sa\/Unicoil-Beta-Update\/wp-json\/wp\/v2\/pages\/15390"}],"collection":[{"href":"https:\/\/www.unicoil.com.sa\/Unicoil-Beta-Update\/wp-json\/wp\/v2\/pages"}],"about":[{"href":"https:\/\/www.unicoil.com.sa\/Unicoil-Beta-Update\/wp-json\/wp\/v2\/types\/page"}],"author":[{"embeddable":true,"href":"https:\/\/www.unicoil.com.sa\/Unicoil-Beta-Update\/wp-json\/wp\/v2\/users\/3"}],"replies":[{"embeddable":true,"href":"https:\/\/www.unicoil.com.sa\/Unicoil-Beta-Update\/wp-json\/wp\/v2\/comments?post=15390"}],"version-history":[{"count":2,"href":"https:\/\/www.unicoil.com.sa\/Unicoil-Beta-Update\/wp-json\/wp\/v2\/pages\/15390\/revisions"}],"predecessor-version":[{"id":23106,"href":"https:\/\/www.unicoil.com.sa\/Unicoil-Beta-Update\/wp-json\/wp\/v2\/pages\/15390\/revisions\/23106"}],"wp:attachment":[{"href":"https:\/\/www.unicoil.com.sa\/Unicoil-Beta-Update\/wp-json\/wp\/v2\/media?parent=15390"}],"curies":[{"name":"wp","href":"https:\/\/api.w.org\/{rel}","templated":true}]}}