{"id":15567,"date":"2019-07-03T07:37:23","date_gmt":"2019-07-03T07:37:23","guid":{"rendered":"http:\/\/www.unicoil.sa\/?page_id=15567"},"modified":"2019-07-03T07:37:33","modified_gmt":"2019-07-03T07:37:33","slug":"molawan-antibacterial-fr","status":"publish","type":"page","link":"https:\/\/www.unicoil.com.sa\/Unicoil-Beta-Update\/fr\/molawan-antibacterial-fr\/","title":{"rendered":"Molawan AntiBacterial"},"content":{"rendered":"<div class=\"row clearfix\">\r\n\r\n<div class=\"box three \">\r\n<div class=\"box-conts\"><img decoding=\"async\" loading=\"lazy\" src=\"\/wp-content\/uploads\/2017\/03\/molawan-antibacterial02.png\" alt=\"Molawan AntiBacterial\" width=\"250\" height=\"96\" class=\"aligncenter size-full wp-image-3429\" style=\"margin-top: 35px; margin-bottom: 35px;\" \/><\/div>\r\n<\/div>\r\n\r\n<div class=\"box two-three \">\r\n<hr class=\"style-four margin-t0 margin-b5 \"  data-rt-animate=\"animate\" data-rt-animation-type=\"fadeInDown\" data-rt-animation-group=\"single\" >\r\n<p>Le Molawan AntiBacterial est un acier pr\u00e9laqu\u00e9 \u00e9conomique, d\u00e9velopp\u00e9 pour assurer une protection antimicrobienne dans le cadre d&#8217;applications en int\u00e9rieur et en ext\u00e9rieur.<\/p>\r\n<h3>Normes<\/h3>\r\n<p><strong>Substrat :<\/strong> ASTM A653\/A653M  <br \/>\r\n<strong>Rev\u00eatement de peinture :<\/strong>  ASTM  A755\/755M <br \/> &nbsp;<\/p>\r\n\r\n<hr class=\"style-four margin-t0 margin-b0 \"  data-rt-animate=\"animate\" data-rt-animation-type=\"fadeInDown\" data-rt-animation-group=\"single\" >\r\n<\/div>\r\n\r\n<\/div>\r\n\r\n<div class=\"clearfix\" style=\"height:20px\"><\/div>\r\n\r\n<div class=\"shortcode_tabs tab-style-three\" data-rt-animate=\"animate\" data-rt-animation-type=\"fadeIn\" data-rt-animation-group=\"single\"><div class=\"tabs_wrap\"><ul class=\"tabs clearfix\"><li class=\"with_icon\"><a href=\"#\"><span class=\"icon-doc-alt icon-large\"><\/span> Description g\u00e9n\u00e9rale<\/a><\/li><li class=\"with_icon\"><a href=\"#\"><span class=\"icon-cog-alt icon-large\"><\/span> Donn\u00e9es techniques<\/a><\/li><li class=\"with_icon\"><a href=\"#\"><span class=\"icon-gauge icon-large\"><\/span> Performance du produit<\/a><\/li><li class=\"with_icon\"><a href=\"#\"><span class=\"icon-download icon-large\"><\/span> T\u00e9l\u00e9chargements<\/a><\/li><\/ul><div class=\"panes\">\r\n\r\n <div class=\"pane fluid\">\r\n\r\n<p>Le Molawan AntiBacterial est un acier pr\u00e9laqu\u00e9 \u00e9conomique, d\u00e9velopp\u00e9 pour assurer une protection antimicrobienne dans le cadre d&#8217;applications en int\u00e9rieur et en ext\u00e9rieur. Le rev\u00eatement de peintures est compos\u00e9 d&#8217;agents antimicrobiens, appliqu\u00e9s sur un substrat galvanis\u00e9 de 90 g\/m\u00b2 de zinc au minimum, avec un feuil de peinture de 20 microns sur la face expos\u00e9e aux intemp\u00e9ries. L&#8217;agent antimicrobien pr\u00e9sent dans la peinture a \u00e9t\u00e9 con\u00e7u pour inhiber le d\u00e9veloppement des bact\u00e9ries \u00e0 l&#8217;origine de mauvaises odeurs et pour emp\u00eacher l&#8217;endommagement du produit par les moisissures.<\/p>\r\n\r\n<h3>Substrat<\/h3>\r\n<p>Acier galvanis\u00e9, G30 au minimum (90 g\/m\u00b2).<br \/>\r\n<strong>Qualit\u00e9 :<\/strong> CS de types A et B, FS de types A et B, SS33, SS40 et SS50\r\n<\/p>\r\n\r\n<div class=\"clearfix\" style=\"height:20px\"><\/div>\r\n\r\n<h3>Usages standard<\/h3>\r\n<p>Couverture des toits et des murs, panneaux sandwiches, chambres froides, salles blanches, appareils, b\u00e2timents K-span, volets roulants, cadres de portes<\/p>\r\n\r\n<div class=\"clearfix\" style=\"height:20px\"><\/div>\r\n\r\n<h3>Dimensions :<\/h3>\r\n<table class=\"rwd-table\">\r\n <tr>\r\n  <th>\u00c9paisseur* (mm)<\/th>\r\n  <th>Largeur** (mm)<\/th>\r\n <\/tr>\r\n <tr>\r\n   <td data-th=\"\u00c9paisseur* (mm)\">de 0,30 \u00e0 1,20<\/td>\r\n   <td data-th=\"Largeur** (mm)\"> De 50 \u00e0 1 320<\/td>\r\n <\/tr>\r\n<\/table>\r\n<p><strong>*<\/strong> Pour la qualit\u00e9 SS50, l&#8217;\u00e9paisseur minimale est de 0,50 mm  <br \/>\r\n<strong>**<\/strong> Pour une largeur inf\u00e9rieure \u00e0 1 000 mm, livr\u00e9 avec bord refendu  <br \/>                                                                                                                                                           \r\n  Pour des dimensions sp\u00e9cifiques, veuillez contacter le Service des ventes et du marketing.<\/p>\r\n\r\n\r\n<\/div>\r\n\r\n <div class=\"pane fluid\">\r\n\r\n<table class=\"rwd-table\">\r\n  <tr>\r\n    <th>Pr\u00e9traitement<\/th>\r\n    <td data-th=\"Pr\u00e9traitement\"> Couche de conversion exclusive r\u00e9sistante \u00e0 la corrosion sur chaque face<\/td>\r\n  <\/tr>\r\n  <tr>\r\n    <th>Couche d&#8217;impression<\/th>\r\n    <td data-th=\"Couche d'impression\"> Appr\u00eat universel inhibiteur de corrosion  <br \/> \u00c9paisseur nominale \u2013 5 microns sur chaque face<\/td>\r\n  <\/tr>\r\n  <tr>\r\n    <th>Couche de finition<\/th>\r\n    <td data-th=\"Couche de finition\"> Rev\u00eatement formul\u00e9 sur mesure avec agent antimicrobien.<br \/> \u00c9paisseur nominale \u2013 15 microns sur la face sup\u00e9rieure ou expos\u00e9e aux intemp\u00e9ries.\r\n<\/td>\r\n  <\/tr>\r\n  <tr>\r\n    <th>Couche dorsale<\/th>\r\n    <td data-th=\"Couche dorsale\"> Blanc cass\u00e9 formul\u00e9 sur mesure \u00e0 base de polyester.<br \/>\r\n\u00c9paisseur nominale \u2013 5 microns. <br \/>\r\nUne couche dorsale compatible avec la mousse est disponible sur demande. <br \/>\r\nLa couche dorsale peut avoir l&#8217;\u00e9paisseur de feuil sec et la couleur du rev\u00eatement sup\u00e9rieur, si n\u00e9cessaire\r\n<\/td>\r\n  <\/tr>\r\n  <tr>\r\n    <th>Brillance (60\u02da)<\/th>\r\n    <td data-th=\"Brillance (60\u02da)\"> Brillance moyenne.<br \/> D&#8217;autres degr\u00e9s de brillance peuvent \u00eatre obtenus sur demande.<\/td>\r\n  <\/tr>\r\n  \r\n<\/table>\r\n\r\n\r\n\r\n<div class=\"clearfix\" style=\"height:20px\"><\/div>\r\n\r\n<h4>Propri\u00e9t\u00e9s de peinture garanties<\/h4>\r\n<table class=\"rwd-table\">\r\n  <tr>\r\n    <th>Test<\/th>\r\n    <th>M\u00e9thode de test<\/th>\r\n    <th>Description<\/th>\r\n    <th>R\u00e9sultats<\/th>\r\n  <\/tr>\r\n  <tr>\r\n    <td data-th=\"Test\">Duret\u00e9 (crayon)<\/td>\r\n    <td data-th=\"M\u00e9thode de test\">ASTM D 3363<\/td>\r\n    <td data-th=\"Description\">crayon<\/td>\r\n    <td data-th=\"R\u00e9sultats\">F ou plus dur<\/td>\r\n  <\/tr>\r\n  <tr>\r\n    <td data-th=\"Test\">Adh\u00e9rence \u2013 Pliage T<\/td>\r\n    <td data-th=\"M\u00e9thode de test\">ASTM D 4145<\/td>\r\n    <td data-th=\"Description\">Pliage T<\/td>\r\n    <td data-th=\"R\u00e9sultats\">3 T ou moins<\/td>\r\n  <\/tr>\r\n  <tr>\r\n    <td data-th=\"Test\">Flexibility<\/td>\r\n    <td data-th=\"M\u00e9thode de test\">ASTM D 4145<\/td>\r\n    <td data-th=\"Description\">Pliage T<\/td>\r\n    <td data-th=\"R\u00e9sultats\">3 T ou moins (aucune fissure)<\/td>\r\n  <\/tr>\r\n  <tr>\r\n    <td data-th=\"Test\">Adh\u00e9rence \u2013 Choc inverse<\/td>\r\n    <td data-th=\"M\u00e9thode de test\">ASTM D 2794<\/td>\r\n    <td data-th=\"Description\">Choc inverse<\/td>\r\n    <td data-th=\"R\u00e9sultats\"> > 10 joules<\/td>\r\n  <\/tr>\r\n  <tr>\r\n    <td data-th=\"Test\">Quadrillage<\/td>\r\n    <td data-th=\"M\u00e9thode de test\">ASTM D 3359<\/td>\r\n    <td data-th=\"Description\">Quadrillage<\/td>\r\n    <td data-th=\"R\u00e9sultats\"> > Aucun enl\u00e8vement de peinture<\/td>\r\n  <\/tr>\r\n  <tr>\r\n    <td data-th=\"Test\">Brillance 60\u02da (%)<\/td>\r\n    <td data-th=\"M\u00e9thode de test\">ASTM D 523<\/td>\r\n    <td data-th=\"Description\">Brillance<\/td>\r\n    <td data-th=\"R\u00e9sultats\">30-80 %<\/td>\r\n  <\/tr>\r\n\r\n<\/table>\r\n\r\n<\/div>\r\n\r\n <div class=\"pane fluid\">\r\n<h4>Performance de service produit attendue<\/h4>\r\n<table class=\"rwd-table\">\r\n  <tr>\r\n    <th>Propri\u00e9t\u00e9<\/th>\r\n    <th>M\u00e9thode de test<\/th>\r\n    <th>Description<\/th>\r\n    <th>R\u00e9sultats<\/th>\r\n  <\/tr>\r\n  <tr>\r\n    <td data-th=\"Propri\u00e9t\u00e9\">R\u00e9sistance aux microorganismes<\/td>\r\n    <td data-th=\"M\u00e9thode de test\">ASTM E 2180<\/td>\r\n    <td data-th=\"Description\">24 heures<\/td>\r\n    <td data-th=\"R\u00e9sultats\">24 heures <br \/> Staphylococcus aureus, <br \/> E. coli \u2013 R\u00e9duction min. de 99 %<\/td>\r\n  <\/tr>\r\n  \r\n<\/table>\r\n\r\n\r\n<\/div>\r\n\r\n <div class=\"pane fluid\">\r\n<a href=\"\/wp-content\/uploads\/2017\/03\/molawan-antibacterial-technical-datasheet.pdf\" target=\"_blank\" rel=\"noopener noreferrer\"><img decoding=\"async\" src=\"\/wp-content\/uploads\/2017\/03\/unnamed.png\" alt=\"unnamed\" width=\"50\" class=\"alignleft size-full wp-image-3150\" srcset=\"https:\/\/www.unicoil.com.sa\/Unicoil-Beta-Update\/wp-content\/uploads\/2017\/03\/unnamed.png 170w, https:\/\/www.unicoil.com.sa\/Unicoil-Beta-Update\/wp-content\/uploads\/2017\/03\/unnamed-150x150.png 150w\" sizes=\"(max-width: 170px) 100vw, 170px\" \/><h3 style=\"margin-top: 15px;\"> Fiche technique<\/h3><\/a>\r\n\r\n<div class=\"clearfix\" style=\"height:10px\"><\/div>\r\n\r\n<a href=\"\/wp-content\/uploads\/2017\/03\/molawan-antibacterial-en-flyer.pdf\" target=\"_blank\" rel=\"noopener noreferrer\"><img decoding=\"async\" src=\"\/wp-content\/uploads\/2017\/03\/unnamed.png\" alt=\"unnamed\" width=\"50\" class=\"alignleft size-full wp-image-3150\" srcset=\"https:\/\/www.unicoil.com.sa\/Unicoil-Beta-Update\/wp-content\/uploads\/2017\/03\/unnamed.png 170w, https:\/\/www.unicoil.com.sa\/Unicoil-Beta-Update\/wp-content\/uploads\/2017\/03\/unnamed-150x150.png 150w\" sizes=\"(max-width: 170px) 100vw, 170px\" \/><h3 style=\"margin-top: 15px;\"> D\u00e9pliant promotionnel<\/h3><\/a>\r\n\r\n<\/div>\r\n\r\n\r\n<\/div><\/div><\/div>\r\n\r\n\r\n\r\n\r\n\r\n\r\n","protected":false},"excerpt":{"rendered":"","protected":false},"author":3,"featured_media":0,"parent":0,"menu_order":0,"comment_status":"closed","ping_status":"closed","template":"","meta":{"footnotes":""},"yoast_head":"<!-- This site is optimized with the Yoast SEO plugin v21.4 - https:\/\/yoast.com\/wordpress\/plugins\/seo\/ -->\n<title>Molawan AntiBacterial - UNICOIL<\/title>\n<meta name=\"robots\" content=\"index, follow, max-snippet:-1, max-image-preview:large, max-video-preview:-1\" \/>\n<link rel=\"canonical\" href=\"https:\/\/www.unicoil.com.sa\/Unicoil-Beta-Update\/fr\/molawan-antibacterial-fr\/\" \/>\n<meta property=\"og:locale\" content=\"en_US\" \/>\n<meta property=\"og:type\" content=\"article\" \/>\n<meta property=\"og:title\" content=\"Molawan AntiBacterial - UNICOIL\" \/>\n<meta property=\"og:url\" content=\"https:\/\/www.unicoil.com.sa\/Unicoil-Beta-Update\/fr\/molawan-antibacterial-fr\/\" \/>\n<meta property=\"og:site_name\" content=\"UNICOIL\" \/>\n<meta property=\"article:modified_time\" content=\"2019-07-03T07:37:33+00:00\" \/>\n<meta name=\"twitter:card\" content=\"summary_large_image\" \/>\n<meta name=\"twitter:label1\" content=\"Est. reading time\" \/>\n\t<meta name=\"twitter:data1\" content=\"3 minutes\" \/>\n<script type=\"application\/ld+json\" class=\"yoast-schema-graph\">{\"@context\":\"https:\/\/schema.org\",\"@graph\":[{\"@type\":\"WebPage\",\"@id\":\"https:\/\/www.unicoil.com.sa\/Unicoil-Beta-Update\/fr\/molawan-antibacterial-fr\/\",\"url\":\"https:\/\/www.unicoil.com.sa\/Unicoil-Beta-Update\/fr\/molawan-antibacterial-fr\/\",\"name\":\"Molawan AntiBacterial - UNICOIL\",\"isPartOf\":{\"@id\":\"https:\/\/www.unicoil.com.sa\/Unicoil-Beta-Update\/#website\"},\"datePublished\":\"2019-07-03T07:37:23+00:00\",\"dateModified\":\"2019-07-03T07:37:33+00:00\",\"breadcrumb\":{\"@id\":\"https:\/\/www.unicoil.com.sa\/Unicoil-Beta-Update\/fr\/molawan-antibacterial-fr\/#breadcrumb\"},\"inLanguage\":\"en-US\",\"potentialAction\":[{\"@type\":\"ReadAction\",\"target\":[\"https:\/\/www.unicoil.com.sa\/Unicoil-Beta-Update\/fr\/molawan-antibacterial-fr\/\"]}]},{\"@type\":\"BreadcrumbList\",\"@id\":\"https:\/\/www.unicoil.com.sa\/Unicoil-Beta-Update\/fr\/molawan-antibacterial-fr\/#breadcrumb\",\"itemListElement\":[{\"@type\":\"ListItem\",\"position\":1,\"name\":\"Home\",\"item\":\"https:\/\/www.unicoil.com.sa\/Unicoil-Beta-Update\/en\/\"},{\"@type\":\"ListItem\",\"position\":2,\"name\":\"Molawan AntiBacterial\"}]},{\"@type\":\"WebSite\",\"@id\":\"https:\/\/www.unicoil.com.sa\/Unicoil-Beta-Update\/#website\",\"url\":\"https:\/\/www.unicoil.com.sa\/Unicoil-Beta-Update\/\",\"name\":\"UNICOIL\",\"description\":\"UNICOIL - A Leader in Steel Coil Coating and Prepainted Steels\",\"publisher\":{\"@id\":\"https:\/\/www.unicoil.com.sa\/Unicoil-Beta-Update\/#organization\"},\"potentialAction\":[{\"@type\":\"SearchAction\",\"target\":{\"@type\":\"EntryPoint\",\"urlTemplate\":\"https:\/\/www.unicoil.com.sa\/Unicoil-Beta-Update\/?s={search_term_string}\"},\"query-input\":\"required name=search_term_string\"}],\"inLanguage\":\"en-US\"},{\"@type\":\"Organization\",\"@id\":\"https:\/\/www.unicoil.com.sa\/Unicoil-Beta-Update\/#organization\",\"name\":\"UNICOIL\",\"url\":\"https:\/\/www.unicoil.com.sa\/Unicoil-Beta-Update\/\",\"logo\":{\"@type\":\"ImageObject\",\"inLanguage\":\"en-US\",\"@id\":\"https:\/\/www.unicoil.com.sa\/Unicoil-Beta-Update\/#\/schema\/logo\/image\/\",\"url\":\"https:\/\/www.unicoil.com.sa\/Unicoil-Beta-Update\/wp-content\/uploads\/UNICOIL-Logo-1.png\",\"contentUrl\":\"https:\/\/www.unicoil.com.sa\/Unicoil-Beta-Update\/wp-content\/uploads\/UNICOIL-Logo-1.png\",\"width\":1028,\"height\":617,\"caption\":\"UNICOIL\"},\"image\":{\"@id\":\"https:\/\/www.unicoil.com.sa\/Unicoil-Beta-Update\/#\/schema\/logo\/image\/\"}}]}<\/script>\n<!-- \/ Yoast SEO plugin. -->","yoast_head_json":{"title":"Molawan AntiBacterial - UNICOIL","robots":{"index":"index","follow":"follow","max-snippet":"max-snippet:-1","max-image-preview":"max-image-preview:large","max-video-preview":"max-video-preview:-1"},"canonical":"https:\/\/www.unicoil.com.sa\/Unicoil-Beta-Update\/fr\/molawan-antibacterial-fr\/","og_locale":"en_US","og_type":"article","og_title":"Molawan AntiBacterial - UNICOIL","og_url":"https:\/\/www.unicoil.com.sa\/Unicoil-Beta-Update\/fr\/molawan-antibacterial-fr\/","og_site_name":"UNICOIL","article_modified_time":"2019-07-03T07:37:33+00:00","twitter_card":"summary_large_image","twitter_misc":{"Est. reading time":"3 minutes"},"schema":{"@context":"https:\/\/schema.org","@graph":[{"@type":"WebPage","@id":"https:\/\/www.unicoil.com.sa\/Unicoil-Beta-Update\/fr\/molawan-antibacterial-fr\/","url":"https:\/\/www.unicoil.com.sa\/Unicoil-Beta-Update\/fr\/molawan-antibacterial-fr\/","name":"Molawan AntiBacterial - UNICOIL","isPartOf":{"@id":"https:\/\/www.unicoil.com.sa\/Unicoil-Beta-Update\/#website"},"datePublished":"2019-07-03T07:37:23+00:00","dateModified":"2019-07-03T07:37:33+00:00","breadcrumb":{"@id":"https:\/\/www.unicoil.com.sa\/Unicoil-Beta-Update\/fr\/molawan-antibacterial-fr\/#breadcrumb"},"inLanguage":"en-US","potentialAction":[{"@type":"ReadAction","target":["https:\/\/www.unicoil.com.sa\/Unicoil-Beta-Update\/fr\/molawan-antibacterial-fr\/"]}]},{"@type":"BreadcrumbList","@id":"https:\/\/www.unicoil.com.sa\/Unicoil-Beta-Update\/fr\/molawan-antibacterial-fr\/#breadcrumb","itemListElement":[{"@type":"ListItem","position":1,"name":"Home","item":"https:\/\/www.unicoil.com.sa\/Unicoil-Beta-Update\/en\/"},{"@type":"ListItem","position":2,"name":"Molawan AntiBacterial"}]},{"@type":"WebSite","@id":"https:\/\/www.unicoil.com.sa\/Unicoil-Beta-Update\/#website","url":"https:\/\/www.unicoil.com.sa\/Unicoil-Beta-Update\/","name":"UNICOIL","description":"UNICOIL - A Leader in Steel Coil Coating and Prepainted Steels","publisher":{"@id":"https:\/\/www.unicoil.com.sa\/Unicoil-Beta-Update\/#organization"},"potentialAction":[{"@type":"SearchAction","target":{"@type":"EntryPoint","urlTemplate":"https:\/\/www.unicoil.com.sa\/Unicoil-Beta-Update\/?s={search_term_string}"},"query-input":"required name=search_term_string"}],"inLanguage":"en-US"},{"@type":"Organization","@id":"https:\/\/www.unicoil.com.sa\/Unicoil-Beta-Update\/#organization","name":"UNICOIL","url":"https:\/\/www.unicoil.com.sa\/Unicoil-Beta-Update\/","logo":{"@type":"ImageObject","inLanguage":"en-US","@id":"https:\/\/www.unicoil.com.sa\/Unicoil-Beta-Update\/#\/schema\/logo\/image\/","url":"https:\/\/www.unicoil.com.sa\/Unicoil-Beta-Update\/wp-content\/uploads\/UNICOIL-Logo-1.png","contentUrl":"https:\/\/www.unicoil.com.sa\/Unicoil-Beta-Update\/wp-content\/uploads\/UNICOIL-Logo-1.png","width":1028,"height":617,"caption":"UNICOIL"},"image":{"@id":"https:\/\/www.unicoil.com.sa\/Unicoil-Beta-Update\/#\/schema\/logo\/image\/"}}]}},"_links":{"self":[{"href":"https:\/\/www.unicoil.com.sa\/Unicoil-Beta-Update\/wp-json\/wp\/v2\/pages\/15567"}],"collection":[{"href":"https:\/\/www.unicoil.com.sa\/Unicoil-Beta-Update\/wp-json\/wp\/v2\/pages"}],"about":[{"href":"https:\/\/www.unicoil.com.sa\/Unicoil-Beta-Update\/wp-json\/wp\/v2\/types\/page"}],"author":[{"embeddable":true,"href":"https:\/\/www.unicoil.com.sa\/Unicoil-Beta-Update\/wp-json\/wp\/v2\/users\/3"}],"replies":[{"embeddable":true,"href":"https:\/\/www.unicoil.com.sa\/Unicoil-Beta-Update\/wp-json\/wp\/v2\/comments?post=15567"}],"version-history":[{"count":1,"href":"https:\/\/www.unicoil.com.sa\/Unicoil-Beta-Update\/wp-json\/wp\/v2\/pages\/15567\/revisions"}],"predecessor-version":[{"id":15568,"href":"https:\/\/www.unicoil.com.sa\/Unicoil-Beta-Update\/wp-json\/wp\/v2\/pages\/15567\/revisions\/15568"}],"wp:attachment":[{"href":"https:\/\/www.unicoil.com.sa\/Unicoil-Beta-Update\/wp-json\/wp\/v2\/media?parent=15567"}],"curies":[{"name":"wp","href":"https:\/\/api.w.org\/{rel}","templated":true}]}}