{"id":15880,"date":"2019-07-07T06:53:29","date_gmt":"2019-07-07T06:53:29","guid":{"rendered":"http:\/\/www.unicoil.sa\/?page_id=15880"},"modified":"2022-10-10T12:33:57","modified_gmt":"2022-10-10T12:33:57","slug":"applications-et-recommandations-des-produits-en-acier-galvanise-prelaque","status":"publish","type":"page","link":"https:\/\/www.unicoil.com.sa\/Unicoil-Beta-Update\/fr\/applications-et-recommandations-des-produits-en-acier-galvanise-prelaque\/","title":{"rendered":"Applications et recommandations des produits en acier galvanis\u00e9 pr\u00e9laqu\u00e9"},"content":{"rendered":"<h4>Couverture des toits et bardage (simple peau)<\/h4>\n<hr class=\"style-five margin-t0 margin-b0 \"  data-rt-animate=\"animate\" data-rt-animation-type=\"fadeInDown\" data-rt-animation-group=\"single\" >\n\n<div class=\"row clearfix\">\n\n<div class=\"box three \">\n<img decoding=\"async\" loading=\"lazy\" src=\"\/wp-content\/uploads\/2017\/03\/roofing-cladding.jpg\" alt=\"roofing-cladding\" width=\"280\" height=\"190\" class=\"aligncenter size-full wp-image-3626\">\n<\/div>\n\n<div class=\"box two-three \">\n<div class=\"shortcode_tabs tab-style-one\" data-rt-animate=\"animate\" data-rt-animation-type=\"fadeIn\" data-rt-animation-group=\"single\"><div class=\"tabs_wrap\"><ul class=\"tabs clearfix\"><li><a href=\"#\">Zones s\u00e8ches<\/a><\/li><li><a href=\"#\">Zones urbaines<\/a><\/li><li><a href=\"#\">Zones maritimes<\/a><\/li><li><a href=\"#\">Zones agressives<\/a><\/li><\/ul><div class=\"panes\">\n\n <div class=\"pane fluid\">\n<h5>Caract\u00e9ristiques recommand\u00e9es<\/h5>\n<strong>Rev\u00eatement de zinc<\/strong> : 120 g\/m\u00b2 (min.)\n<strong>\u00c9paisseur<\/strong> : 0,40 mm (min.) pour acier de type FS\n&nbsp;&nbsp;&nbsp;&nbsp;&nbsp;&nbsp;&nbsp;&nbsp;&nbsp;&nbsp;&nbsp;&nbsp;&nbsp;&nbsp;&nbsp;&nbsp;&nbsp;: 0,50 mm (min.) pour acier structural\n<strong>Substrat<\/strong> : ASTM A653 FS de type A ou qualit\u00e9 structurale\n<strong>Rev\u00eatement de peintures<\/strong> : Molawan\n<strong>Exigence sp\u00e9ciale<\/strong> : Les couches sup\u00e9rieure et inf\u00e9rieure sont de la m\u00eame couleur\n\n<\/div>\n\n <div class=\"pane fluid\">\n<h5>Caract\u00e9ristiques recommand\u00e9es<\/h5>\n<strong>Rev\u00eatement de zinc <\/strong>: 180 g\/m\u00b2 (min.)\n<strong>\u00c9paisseur <\/strong>: 0,40 mm (min.) pour acier de type FS\n&nbsp;&nbsp;&nbsp;&nbsp;&nbsp;&nbsp;&nbsp;&nbsp;&nbsp;&nbsp;&nbsp;&nbsp;&nbsp;&nbsp;&nbsp;&nbsp;&nbsp;: 0,50 mm (min.) pour acier structural\n<strong>Substrat<\/strong> : ASTM A653 FS de type A ou qualit\u00e9 structurale\n<strong>Rev\u00eatement de peintures<\/strong> : ColoRite Standard\n<strong>Exigence sp\u00e9ciale<\/strong> : Les couches sup\u00e9rieure et inf\u00e9rieure sont de la m\u00eame couleur\n\n<\/div>\n\n <div class=\"pane fluid\">\n<h5>Caract\u00e9ristiques recommand\u00e9es<\/h5>\n<strong>Rev\u00eatement de zinc<\/strong> : 275 g\/m\u00b2 (min.)\n<strong>\u00c9paisseur<\/strong> : 0,45 mm (min) pour acier de type FS\n&nbsp;&nbsp;&nbsp;&nbsp;&nbsp;&nbsp;&nbsp;&nbsp;&nbsp;&nbsp;&nbsp;&nbsp;&nbsp;&nbsp;&nbsp;&nbsp;&nbsp;: 0,50 mm (min.) pour acier structural\n<strong>Substrat <\/strong>: ASTM A653 FS de type A ou qualit\u00e9 structurale\n<strong>Rev\u00eatement de peintures<\/strong> : ColoRite Premium\n<strong>Exigence sp\u00e9ciale<\/strong> : Les couches sup\u00e9rieure et inf\u00e9rieure sont de la m\u00eame couleur\n\n<\/div>\n\n <div class=\"pane fluid\">\n<h5>Caract\u00e9ristiques recommand\u00e9es<\/h5>\n<strong>Rev\u00eatement de zinc<\/strong> : 275 g\/m\u00b2 (min.)\n<strong>\u00c9paisseur<\/strong> : 0,45 mm (min) pour acier de type FS\n&nbsp;&nbsp;&nbsp;&nbsp;&nbsp;&nbsp;&nbsp;&nbsp;&nbsp;&nbsp;&nbsp;&nbsp;&nbsp;&nbsp;&nbsp;&nbsp;&nbsp;: 0,50 mm (min.) pour acier structural\n<strong>Substrat <\/strong>: ASTM A653 FS de type A ou qualit\u00e9 structurale\n<strong>Rev\u00eatement de peintures<\/strong> : ColoRite Flurocarbon\n<strong>Exigence sp\u00e9ciale<\/strong> : Les couches sup\u00e9rieure et inf\u00e9rieure sont de la m\u00eame couleur\n\n<\/div>\n\n<\/div><\/div><\/div>\n\n<\/div>\n\n<\/div>\n\n<hr class=\"style-five margin-t0 margin-b20 \"  data-rt-animate=\"animate\" data-rt-animation-type=\"fadeInDown\" data-rt-animation-group=\"single\" >\n<h4>Panneau sandwich (double peau)<\/h4>\n<hr class=\"style-five margin-t0 margin-b0 \"  data-rt-animate=\"animate\" data-rt-animation-type=\"fadeInDown\" data-rt-animation-group=\"single\" >\n\n<div class=\"row clearfix\">\n\n<div class=\"box three \">\n<img decoding=\"async\" loading=\"lazy\" src=\"\/wp-content\/uploads\/2017\/03\/sandwich-panel.jpg\" alt=\"sandwich-panel\" width=\"280\" height=\"190\" class=\"aligncenter size-full wp-image-3638\">\n<\/div>\n\n<div class=\"box two-three \">\n<div class=\"shortcode_tabs tab-style-one\" data-rt-animate=\"animate\" data-rt-animation-type=\"fadeIn\" data-rt-animation-group=\"single\"><div class=\"tabs_wrap\"><ul class=\"tabs clearfix\"><li><a href=\"#\">Zones s\u00e8ches et urbaines<\/a><\/li><li><a href=\"#\">Zones maritimes<\/a><\/li><li><a href=\"#\">Zones agressives<\/a><\/li><\/ul><div class=\"panes\">\n\n <div class=\"pane fluid\">\n<h5>Caract\u00e9ristiques recommand\u00e9es<\/h5>\n<strong>Rev\u00eatement de zinc<\/strong> : 180 g\/m\u00b2 (min.)\n<strong>\u00c9paisseur<\/strong> : 0,40 mm (min.) pour acier de type FS\n&nbsp;&nbsp;&nbsp;&nbsp;&nbsp;&nbsp;&nbsp;&nbsp;&nbsp;&nbsp;&nbsp;&nbsp;&nbsp;&nbsp;&nbsp;&nbsp;&nbsp;: 0,50 mm (min.) pour acier structural\n<strong>Substrat<\/strong> : ASTM A653 FS de type A ou qualit\u00e9 structurale\n<strong>Rev\u00eatement de peintures<\/strong> : ColoRite Standard\n<strong>Exigence sp\u00e9ciale<\/strong> : Couche dorsale compatible avec la mousse\n\n<\/div>\n\n <div class=\"pane fluid\">\n<h5>Caract\u00e9ristiques recommand\u00e9es<\/h5>\n<strong>Rev\u00eatement de zinc<\/strong> : 275 g\/m\u00b2 (min.)\n<strong>\u00c9paisseur <\/strong>: 0,45 mm (min) pour acier de type FS\n&nbsp;&nbsp;&nbsp;&nbsp;&nbsp;&nbsp;&nbsp;&nbsp;&nbsp;&nbsp;&nbsp;&nbsp;&nbsp;&nbsp;&nbsp;&nbsp;&nbsp;: 0,50 mm (min.) pour acier structural\n<strong>Substrat<\/strong> : ASTM A653 FS de type A ou qualit\u00e9 structurale\n<strong>Rev\u00eatement de peintures<\/strong> : ColoRite Premium\n<strong>Exigence sp\u00e9ciale<\/strong> : Couche dorsale compatible avec la mousse\n\n<\/div>\n\n <div class=\"pane fluid\">\n<h5>Caract\u00e9ristiques recommand\u00e9es<\/h5>\n<strong>Rev\u00eatement de zinc <\/strong>: 275 g\/m\u00b2 (min.)\n<strong>\u00c9paisseur<\/strong> : 0,45 mm (min) pour acier de type FS\n&nbsp;&nbsp;&nbsp;&nbsp;&nbsp;&nbsp;&nbsp;&nbsp;&nbsp;&nbsp;&nbsp;&nbsp;&nbsp;&nbsp;&nbsp;&nbsp;&nbsp;: 0,50 mm (min.) pour acier structural\n<strong>Substrat<\/strong> : ASTM A653 FS de type A ou qualit\u00e9 structurale\n<strong>Rev\u00eatement de peintures<\/strong> : ColoRite Flurocarbon\n<strong>Exigence sp\u00e9ciale<\/strong> : Couche dorsale compatible avec la mousse\n\n<\/div>\n\n<\/div><\/div><\/div>\n\n<\/div>\n\n<\/div>\n\n<hr class=\"style-five margin-t0 margin-b20 \"  data-rt-animate=\"animate\" data-rt-animation-type=\"fadeInDown\" data-rt-animation-group=\"single\" >\n<h4>Portes automatiques<\/h4>\n<hr class=\"style-five margin-t0 margin-b0 \"  data-rt-animate=\"animate\" data-rt-animation-type=\"fadeInDown\" data-rt-animation-group=\"single\" >\n\n<div class=\"row clearfix\">\n\n<div class=\"box three \">\n<img decoding=\"async\" loading=\"lazy\" src=\"\/wp-content\/uploads\/2017\/03\/shutter-doors.jpg\" alt=\"shutter-doors\" width=\"280\" height=\"190\" class=\"aligncenter size-full wp-image-3641\">\n<\/div>\n\n<div class=\"box two-three \">\n<div class=\"shortcode_tabs tab-style-one\" data-rt-animate=\"animate\" data-rt-animation-type=\"fadeIn\" data-rt-animation-group=\"single\"><div class=\"tabs_wrap\"><ul class=\"tabs clearfix\"><li><a href=\"#\">Zones s\u00e8ches et urbaines<\/a><\/li><li><a href=\"#\">Zones maritimes et agressives<\/a><\/li><\/ul><div class=\"panes\">\n\n <div class=\"pane fluid\">\n<h5>Caract\u00e9ristiques recommand\u00e9es<\/h5>\n<strong>Rev\u00eatement de zinc<\/strong> : 180 g\/m\u00b2 (min.)\n<strong>\u00c9paisseur<\/strong> : 0,50 mm (min)\n<strong>Substrat<\/strong> : ASTM A653 FS de type A\n<strong>Rev\u00eatement de peintures<\/strong> : ColoRite Standard\n<strong>Exigence sp\u00e9ciale<\/strong> : Les couches sup\u00e9rieure et inf\u00e9rieure sont de la m\u00eame couleur\n\n<\/div>\n\n <div class=\"pane fluid\">\n<h5>Caract\u00e9ristiques recommand\u00e9es<\/h5>\n<strong>Rev\u00eatement de zinc <\/strong>: 275 g\/m\u00b2 (min.)\n<strong>\u00c9paisseur<\/strong> : 0,50 mm (min)\n<strong>Substrat <\/strong>: ASTM A653 FS de type A\n<strong>Rev\u00eatement de peintures <\/strong>: ColoRite Premium\n<strong>Exigence sp\u00e9ciale <\/strong>: Les couches sup\u00e9rieure et inf\u00e9rieure sont de la m\u00eame couleur\n\n<\/div>\n\n<\/div><\/div><\/div>\n\n<\/div>\n\n<\/div>\n\n<hr class=\"style-five margin-t0 margin-b20 \"  data-rt-animate=\"animate\" data-rt-animation-type=\"fadeInDown\" data-rt-animation-group=\"single\" >\n<h4>B\u00e2timents K-span<\/h4>\n<hr class=\"style-five margin-t0 margin-b0 \"  data-rt-animate=\"animate\" data-rt-animation-type=\"fadeInDown\" data-rt-animation-group=\"single\" >\n\n<div class=\"row clearfix\">\n\n<div class=\"box three \">\n<img decoding=\"async\" loading=\"lazy\" src=\"\/wp-content\/uploads\/2017\/03\/k-span.jpg\" alt=\"k-span\" width=\"280\" height=\"190\" class=\"aligncenter size-full wp-image-3643\">\n<\/div>\n\n<div class=\"box two-three \">\n<div class=\"shortcode_tabs tab-style-one\" data-rt-animate=\"animate\" data-rt-animation-type=\"fadeIn\" data-rt-animation-group=\"single\"><div class=\"tabs_wrap\"><ul class=\"tabs clearfix\"><li><a href=\"#\">Zones s\u00e8ches et urbaines<\/a><\/li><li><a href=\"#\">Zones maritimes<\/a><\/li><li><a href=\"#\">Zones agressives<\/a><\/li><\/ul><div class=\"panes\">\n\n <div class=\"pane fluid\">\n<h5>Caract\u00e9ristiques recommand\u00e9es<\/h5>\n<strong>Rev\u00eatement de zinc<\/strong> : 180 g\/m\u00b2 (min.)\n<strong>\u00c9paisseur<\/strong> : 0,50 mm (min)\n<strong>Substrat<\/strong> : ASTM A653 structural grade\n<strong>Rev\u00eatement de peintures<\/strong> : ColoRite Standard\n\n<\/div>\n\n <div class=\"pane fluid\">\n<h5>Caract\u00e9ristiques recommand\u00e9es<\/h5>\n<strong>Rev\u00eatement de zinc<\/strong> : 275 g\/m\u00b2 (min.)\n<strong>\u00c9paisseur<\/strong> : 0,50 mm (min)\n<strong>Substrat<\/strong> : ASTM A653 structural grade\n<strong>Rev\u00eatement de peintures <\/strong>: ColoRite Premium\n\n<\/div>\n\n <div class=\"pane fluid\">\n<h5>Caract\u00e9ristiques recommand\u00e9es<\/h5>\n<strong>Rev\u00eatement de zinc<\/strong> : 275 g\/m\u00b2 (min.)\n<strong>\u00c9paisseur<\/strong> : 0,50 mm (min)\n<strong>Substrat<\/strong> : ASTM A653 structural grade\n<strong>Rev\u00eatement de peintures<\/strong> : ColoRite Flurocarbon\n\n<\/div>\n\n<\/div><\/div><\/div>\n\n<\/div>\n\n<\/div>\n\n<hr class=\"style-five margin-t0 margin-b50 \"  data-rt-animate=\"animate\" data-rt-animation-type=\"fadeInDown\" data-rt-animation-group=\"single\" >\n\n<div class=\"row clearfix\">\n\n<div class=\"box three \">\n<div class=\"image-container\">\n  <img decoding=\"async\" src=\"\/wp-content\/uploads\/2017\/03\/lighting.jpg\" alt=\"Lighting\" class=\"overlay-image\">\n<div class=\"image-overlay\">\n<div class=\"image-text\">\n\n<strong>Caract\u00e9ristiques recommand\u00e9es<\/strong>\nRev\u00eatement de zinc : 120 g\/m\u00b2 (min.)\n\u00c9paisseur : 0,32 mm (min)\nSubstrat : ASTM A653 FS de type A\nRev\u00eatement de peintures : Molawan\nExigence sp\u00e9ciale : Couches sup\u00e9rieure et inf\u00e9rieure (m\u00eame couleur et haute brillance)\n\n<\/div>\n<\/div>\n<\/div>\n<div class=\"clearfix\" style=\"height:10px\"><\/div>\n<h4>\u00c9clairage<\/h4>\n<\/div>\n\n<div class=\"box three \">\n<div class=\"image-container\">\n  <img decoding=\"async\" src=\"\/wp-content\/uploads\/2017\/03\/ceiling-accessories.jpg\" alt=\"Ceiling Accessories\" class=\"overlay-image\">\n<div class=\"image-overlay\">\n<div class=\"image-text\">\n\n<strong>Caract\u00e9ristiques recommand\u00e9es<\/strong>\nRev\u00eatement de zinc : 100 g\/m\u00b2 (min.)\n\u00c9paisseur : 0,30 mm (min)\nSubstrat : ASTM A653 FS de type A\nRev\u00eatement de peintures : Molawan\n\n<\/div>\n<\/div>\n<\/div>\n<div class=\"clearfix\" style=\"height:10px\"><\/div>\n<h4>Accessoires pour plafonds<\/h4>\n<\/div>\n\n<div class=\"box three \">\n<div class=\"image-container\">\n  <img decoding=\"async\" src=\"\/wp-content\/uploads\/2017\/03\/internal-partitions.jpg\" alt=\"Internal Partitions\" class=\"overlay-image\">\n<div class=\"image-overlay\">\n<div class=\"image-text\">\n\nCaract\u00e9ristiques recommand\u00e9es\nRev\u00eatement de zinc : 120 g\/m\u00b2 (min.)\n\u00c9paisseur : 0,40 mm (min)\nSubstrat : ASTM A653 FS de type A\nRev\u00eatement de peintures : Molawan\n\n<\/div>\n<\/div>\n<\/div>\n<div class=\"clearfix\" style=\"height:10px\"><\/div>\n<h4>Cloisons<\/h4>\n<\/div>\n\n<\/div>\n\n<div class=\"clearfix\" style=\"height:30px\"><\/div>\n\n<div class=\"row clearfix\">\n\n<div class=\"box three \">\n<div class=\"image-container\">\n  <img decoding=\"async\" src=\"\/wp-content\/uploads\/2017\/03\/shelves.jpg\" alt=\"Shelves\" class=\"overlay-image\">\n<div class=\"image-overlay\">\n<div class=\"image-text\">\n\n<strong>Caract\u00e9ristiques recommand\u00e9es<\/strong>\nRev\u00eatement de zinc : 120 g\/m\u00b2 (min.)\n\u00c9paisseur : 0,70 mm (min)\nSubstrat : ASTM A653 FS de type A  or SS 50\nRev\u00eatement de peintures : Molawan\n\n<\/div>\n<\/div>\n<\/div>\n<div class=\"clearfix\" style=\"height:10px\"><\/div>\n<h4>\u00c9tag\u00e8res<\/h4>\n<\/div>\n\n<div class=\"box three \">\n<div class=\"image-container\">\n  <img decoding=\"async\" src=\"\/wp-content\/uploads\/2017\/03\/cold-storage.jpg\" alt=\"Cold Rooms\" class=\"overlay-image\">\n<div class=\"image-overlay\">\n<div class=\"image-text\">\n\n<strong>Caract\u00e9ristiques recommand\u00e9es<\/strong>\nRev\u00eatement de zinc : 275 g\/m\u00b2 (min.)\n\u00c9paisseur : 0,60 mm (min)\nSubstrat : ASTM A653 FS de type A\nRev\u00eatement de peintures : ColoRite Premium\nExigence sp\u00e9ciale : Couche dorsale compatible avec la mousse\n\n<\/div>\n<\/div>\n<\/div>\n<div class=\"clearfix\" style=\"height:10px\"><\/div>\n<h4>Chambres froides<\/h4>\n<\/div>\n\n<div class=\"box three \">\n&nbsp;\n<\/div>\n\n<\/div>\n\n<div class=\"clearfix\" style=\"height:30px\"><\/div>","protected":false},"excerpt":{"rendered":"Couverture des toits et bardage (simple peau) Panneau sandwich (double peau) Portes automatiques B\u00e2timents K-span","protected":false},"author":3,"featured_media":0,"parent":0,"menu_order":0,"comment_status":"closed","ping_status":"closed","template":"elementor_theme","meta":{"footnotes":""},"yoast_head":"<!-- This site is optimized with the Yoast SEO plugin v21.4 - https:\/\/yoast.com\/wordpress\/plugins\/seo\/ -->\n<title>Applications et recommandations des produits en acier galvanis\u00e9 pr\u00e9laqu\u00e9 - UNICOIL<\/title>\n<meta name=\"robots\" content=\"index, follow, max-snippet:-1, max-image-preview:large, max-video-preview:-1\" \/>\n<link rel=\"canonical\" href=\"https:\/\/www.unicoil.com.sa\/Unicoil-Beta-Update\/fr\/applications-et-recommandations-des-produits-en-acier-galvanise-prelaque\/\" \/>\n<meta property=\"og:locale\" content=\"en_US\" \/>\n<meta property=\"og:type\" content=\"article\" \/>\n<meta property=\"og:title\" content=\"Applications et recommandations des produits en acier galvanis\u00e9 pr\u00e9laqu\u00e9 - UNICOIL\" \/>\n<meta property=\"og:description\" content=\"Couverture des toits et bardage (simple peau) Panneau sandwich (double peau) Portes automatiques B\u00e2timents K-span\" \/>\n<meta property=\"og:url\" content=\"https:\/\/www.unicoil.com.sa\/Unicoil-Beta-Update\/fr\/applications-et-recommandations-des-produits-en-acier-galvanise-prelaque\/\" \/>\n<meta property=\"og:site_name\" content=\"UNICOIL\" \/>\n<meta property=\"article:modified_time\" content=\"2022-10-10T12:33:57+00:00\" \/>\n<meta name=\"twitter:card\" content=\"summary_large_image\" \/>\n<meta name=\"twitter:label1\" content=\"Est. reading time\" \/>\n\t<meta name=\"twitter:data1\" content=\"6 minutes\" \/>\n<script type=\"application\/ld+json\" class=\"yoast-schema-graph\">{\"@context\":\"https:\/\/schema.org\",\"@graph\":[{\"@type\":\"WebPage\",\"@id\":\"https:\/\/www.unicoil.com.sa\/Unicoil-Beta-Update\/fr\/applications-et-recommandations-des-produits-en-acier-galvanise-prelaque\/\",\"url\":\"https:\/\/www.unicoil.com.sa\/Unicoil-Beta-Update\/fr\/applications-et-recommandations-des-produits-en-acier-galvanise-prelaque\/\",\"name\":\"Applications et recommandations des produits en acier galvanis\u00e9 pr\u00e9laqu\u00e9 - UNICOIL\",\"isPartOf\":{\"@id\":\"https:\/\/www.unicoil.com.sa\/Unicoil-Beta-Update\/#website\"},\"datePublished\":\"2019-07-07T06:53:29+00:00\",\"dateModified\":\"2022-10-10T12:33:57+00:00\",\"breadcrumb\":{\"@id\":\"https:\/\/www.unicoil.com.sa\/Unicoil-Beta-Update\/fr\/applications-et-recommandations-des-produits-en-acier-galvanise-prelaque\/#breadcrumb\"},\"inLanguage\":\"en-US\",\"potentialAction\":[{\"@type\":\"ReadAction\",\"target\":[\"https:\/\/www.unicoil.com.sa\/Unicoil-Beta-Update\/fr\/applications-et-recommandations-des-produits-en-acier-galvanise-prelaque\/\"]}]},{\"@type\":\"BreadcrumbList\",\"@id\":\"https:\/\/www.unicoil.com.sa\/Unicoil-Beta-Update\/fr\/applications-et-recommandations-des-produits-en-acier-galvanise-prelaque\/#breadcrumb\",\"itemListElement\":[{\"@type\":\"ListItem\",\"position\":1,\"name\":\"Home\",\"item\":\"https:\/\/www.unicoil.com.sa\/Unicoil-Beta-Update\/en\/\"},{\"@type\":\"ListItem\",\"position\":2,\"name\":\"Applications et recommandations des produits en acier galvanis\u00e9 pr\u00e9laqu\u00e9\"}]},{\"@type\":\"WebSite\",\"@id\":\"https:\/\/www.unicoil.com.sa\/Unicoil-Beta-Update\/#website\",\"url\":\"https:\/\/www.unicoil.com.sa\/Unicoil-Beta-Update\/\",\"name\":\"UNICOIL\",\"description\":\"UNICOIL - A Leader in Steel Coil Coating and Prepainted Steels\",\"publisher\":{\"@id\":\"https:\/\/www.unicoil.com.sa\/Unicoil-Beta-Update\/#organization\"},\"potentialAction\":[{\"@type\":\"SearchAction\",\"target\":{\"@type\":\"EntryPoint\",\"urlTemplate\":\"https:\/\/www.unicoil.com.sa\/Unicoil-Beta-Update\/?s={search_term_string}\"},\"query-input\":\"required name=search_term_string\"}],\"inLanguage\":\"en-US\"},{\"@type\":\"Organization\",\"@id\":\"https:\/\/www.unicoil.com.sa\/Unicoil-Beta-Update\/#organization\",\"name\":\"UNICOIL\",\"url\":\"https:\/\/www.unicoil.com.sa\/Unicoil-Beta-Update\/\",\"logo\":{\"@type\":\"ImageObject\",\"inLanguage\":\"en-US\",\"@id\":\"https:\/\/www.unicoil.com.sa\/Unicoil-Beta-Update\/#\/schema\/logo\/image\/\",\"url\":\"https:\/\/www.unicoil.com.sa\/Unicoil-Beta-Update\/wp-content\/uploads\/UNICOIL-Logo-1.png\",\"contentUrl\":\"https:\/\/www.unicoil.com.sa\/Unicoil-Beta-Update\/wp-content\/uploads\/UNICOIL-Logo-1.png\",\"width\":1028,\"height\":617,\"caption\":\"UNICOIL\"},\"image\":{\"@id\":\"https:\/\/www.unicoil.com.sa\/Unicoil-Beta-Update\/#\/schema\/logo\/image\/\"}}]}<\/script>\n<!-- \/ Yoast SEO plugin. -->","yoast_head_json":{"title":"Applications et recommandations des produits en acier galvanis\u00e9 pr\u00e9laqu\u00e9 - UNICOIL","robots":{"index":"index","follow":"follow","max-snippet":"max-snippet:-1","max-image-preview":"max-image-preview:large","max-video-preview":"max-video-preview:-1"},"canonical":"https:\/\/www.unicoil.com.sa\/Unicoil-Beta-Update\/fr\/applications-et-recommandations-des-produits-en-acier-galvanise-prelaque\/","og_locale":"en_US","og_type":"article","og_title":"Applications et recommandations des produits en acier galvanis\u00e9 pr\u00e9laqu\u00e9 - UNICOIL","og_description":"Couverture des toits et bardage (simple peau) Panneau sandwich (double peau) Portes automatiques B\u00e2timents K-span","og_url":"https:\/\/www.unicoil.com.sa\/Unicoil-Beta-Update\/fr\/applications-et-recommandations-des-produits-en-acier-galvanise-prelaque\/","og_site_name":"UNICOIL","article_modified_time":"2022-10-10T12:33:57+00:00","twitter_card":"summary_large_image","twitter_misc":{"Est. reading time":"6 minutes"},"schema":{"@context":"https:\/\/schema.org","@graph":[{"@type":"WebPage","@id":"https:\/\/www.unicoil.com.sa\/Unicoil-Beta-Update\/fr\/applications-et-recommandations-des-produits-en-acier-galvanise-prelaque\/","url":"https:\/\/www.unicoil.com.sa\/Unicoil-Beta-Update\/fr\/applications-et-recommandations-des-produits-en-acier-galvanise-prelaque\/","name":"Applications et recommandations des produits en acier galvanis\u00e9 pr\u00e9laqu\u00e9 - UNICOIL","isPartOf":{"@id":"https:\/\/www.unicoil.com.sa\/Unicoil-Beta-Update\/#website"},"datePublished":"2019-07-07T06:53:29+00:00","dateModified":"2022-10-10T12:33:57+00:00","breadcrumb":{"@id":"https:\/\/www.unicoil.com.sa\/Unicoil-Beta-Update\/fr\/applications-et-recommandations-des-produits-en-acier-galvanise-prelaque\/#breadcrumb"},"inLanguage":"en-US","potentialAction":[{"@type":"ReadAction","target":["https:\/\/www.unicoil.com.sa\/Unicoil-Beta-Update\/fr\/applications-et-recommandations-des-produits-en-acier-galvanise-prelaque\/"]}]},{"@type":"BreadcrumbList","@id":"https:\/\/www.unicoil.com.sa\/Unicoil-Beta-Update\/fr\/applications-et-recommandations-des-produits-en-acier-galvanise-prelaque\/#breadcrumb","itemListElement":[{"@type":"ListItem","position":1,"name":"Home","item":"https:\/\/www.unicoil.com.sa\/Unicoil-Beta-Update\/en\/"},{"@type":"ListItem","position":2,"name":"Applications et recommandations des produits en acier galvanis\u00e9 pr\u00e9laqu\u00e9"}]},{"@type":"WebSite","@id":"https:\/\/www.unicoil.com.sa\/Unicoil-Beta-Update\/#website","url":"https:\/\/www.unicoil.com.sa\/Unicoil-Beta-Update\/","name":"UNICOIL","description":"UNICOIL - A Leader in Steel Coil Coating and Prepainted Steels","publisher":{"@id":"https:\/\/www.unicoil.com.sa\/Unicoil-Beta-Update\/#organization"},"potentialAction":[{"@type":"SearchAction","target":{"@type":"EntryPoint","urlTemplate":"https:\/\/www.unicoil.com.sa\/Unicoil-Beta-Update\/?s={search_term_string}"},"query-input":"required name=search_term_string"}],"inLanguage":"en-US"},{"@type":"Organization","@id":"https:\/\/www.unicoil.com.sa\/Unicoil-Beta-Update\/#organization","name":"UNICOIL","url":"https:\/\/www.unicoil.com.sa\/Unicoil-Beta-Update\/","logo":{"@type":"ImageObject","inLanguage":"en-US","@id":"https:\/\/www.unicoil.com.sa\/Unicoil-Beta-Update\/#\/schema\/logo\/image\/","url":"https:\/\/www.unicoil.com.sa\/Unicoil-Beta-Update\/wp-content\/uploads\/UNICOIL-Logo-1.png","contentUrl":"https:\/\/www.unicoil.com.sa\/Unicoil-Beta-Update\/wp-content\/uploads\/UNICOIL-Logo-1.png","width":1028,"height":617,"caption":"UNICOIL"},"image":{"@id":"https:\/\/www.unicoil.com.sa\/Unicoil-Beta-Update\/#\/schema\/logo\/image\/"}}]}},"_links":{"self":[{"href":"https:\/\/www.unicoil.com.sa\/Unicoil-Beta-Update\/wp-json\/wp\/v2\/pages\/15880"}],"collection":[{"href":"https:\/\/www.unicoil.com.sa\/Unicoil-Beta-Update\/wp-json\/wp\/v2\/pages"}],"about":[{"href":"https:\/\/www.unicoil.com.sa\/Unicoil-Beta-Update\/wp-json\/wp\/v2\/types\/page"}],"author":[{"embeddable":true,"href":"https:\/\/www.unicoil.com.sa\/Unicoil-Beta-Update\/wp-json\/wp\/v2\/users\/3"}],"replies":[{"embeddable":true,"href":"https:\/\/www.unicoil.com.sa\/Unicoil-Beta-Update\/wp-json\/wp\/v2\/comments?post=15880"}],"version-history":[{"count":2,"href":"https:\/\/www.unicoil.com.sa\/Unicoil-Beta-Update\/wp-json\/wp\/v2\/pages\/15880\/revisions"}],"predecessor-version":[{"id":23020,"href":"https:\/\/www.unicoil.com.sa\/Unicoil-Beta-Update\/wp-json\/wp\/v2\/pages\/15880\/revisions\/23020"}],"wp:attachment":[{"href":"https:\/\/www.unicoil.com.sa\/Unicoil-Beta-Update\/wp-json\/wp\/v2\/media?parent=15880"}],"curies":[{"name":"wp","href":"https:\/\/api.w.org\/{rel}","templated":true}]}}