{"id":16377,"date":"2019-07-08T05:07:25","date_gmt":"2019-07-08T05:07:25","guid":{"rendered":"http:\/\/www.unicoil.sa\/?page_id=16377"},"modified":"2022-10-11T05:40:42","modified_gmt":"2022-10-11T05:40:42","slug":"formazione-e-sviluppo","status":"publish","type":"page","link":"https:\/\/www.unicoil.com.sa\/Unicoil-Beta-Update\/it\/formazione-e-sviluppo\/","title":{"rendered":"Formazione e sviluppo"},"content":{"rendered":"In UNICOIL, lo sviluppo dei dipendenti attraverso la formazione \u00e8 da sempre in cima alle priorit\u00e0.\n<h2>Sviluppo delle competenze tecniche<\/h2>\n<hr class=\"style-five margin-t10 margin-b20 \"  data-rt-animate=\"animate\" data-rt-animation-type=\"fadeInDown\" data-rt-animation-group=\"single\" >\n\n<div class=\"row clearfix\">\n\n<div class=\"box two-three \">\n\nUNICOIL assicura che la propria forza lavoro abbia le competenze necessarie per soddisfare le esigenze in costante trasformazione di un mercato fluido. Fin dal primo giorno di lavoro, al dipendente viene presentato il &#8220;metodo UNICOIL&#8221; attraverso un programma di orientamento completo. Nel corso di tutta la sua carriera, un dipendente ricever\u00e0 una formazione che prevede una base teorica e applicazioni pratiche, con una focalizzazione sulle competenze tecniche necessarie in reparti specifici. I tirocinanti sauditi ricevono la formazione sul campo (on-the-job) per 6-18 mesi e dopo aver superato un esame finale, il tirocinante viene integrato nella forza lavoro a tutti gli effetti.\n\nUNICOIL invia regolarmente i dipendenti, in particolare quelli sauditi, identificati come di elevato valore, alto potenziale e ottime prestazioni a seminari locali e internazionali per aggiornare le loro competenze e tenerli al passo con gli ultimi sviluppi nei rispettivi campi. Vengono, inoltre, invitati esperti a tenere sessioni di formazione in-house ai dipendenti su vari argomenti. In collaborazione con partner e fornitori del settore, vengono sviluppate le competenze tecniche necessarie per l&#8217;utilizzo di specifici tipi di apparecchiature.\n\n<\/div>\n\n<div class=\"box three \">\n\n\t\t\t\t<div class=\"flex-container\">\n\t\t\t\t\t<div class=\"flexslider\" id=\"slider-502239\">\n\t\t\t\t\t\t<ul class=\"slides\"><li class=\"stretch\"  data-flexfirstslide=\"true\"><div class=\"slide_data\"><img src=\"\/wp-content\/uploads\/2017\/04\/in-house-training01.jpg\" alt=\"\" title=\"\" \/>\n <\/div><\/li>\n\n<li class=\"stretch\"  ><div class=\"slide_data\"><img src=\"\/wp-content\/uploads\/2017\/04\/soft-training02.jpg\" alt=\"\" title=\"\" \/>\n <\/div><\/li><\/ul>\t\t\t\t\t\t\n\t\t\t\t\t<\/div>\n\t\t\t\t\t<div class=\"flex-nav-container\"><\/div>\n\t\t\t\t<\/div> \n\t\t\t\n\t\t\t\t<script type=\"text\/javascript\">\n\t\t\t\t \/* <![CDATA[ *\/ \n\t\t\t\t\t\/\/ Flex Slider and Helper Functions\n\t\t\t\t\tjQuery(window).load(function() {\n\t\t\t\t\t\tjQuery(\"#slider-502239\").flexslider({\n\t\t\t\t\t\t\tanimation: \"slide\",\n\t\t\t\t\t\t\tcontrolsContainer: \"#slider-502239 .flex-nav-container\",\n\t\t\t\t\t\t\tslideshow: true, \n\t\t\t\t\t\t\tslideshowSpeed:3*1000,\n\t\t\t\t\t\t\tsmoothHeight: true,\n\t\t\t\t\t\t\tdirectionNav: true,\n\t\t\t\t\t\t\tcontrolNav:false, \n\t\t\t\t\t\t\tprevText: \"<span class=\\\"icon-left-open\\\"><\/span>\", \n\t\t\t\t\t\t\tnextText: \"<span class=\\\"icon-right-open\\\"><\/span>\",\n\t\t\t\t\t\t\tstart: function( slider ) {\n        \t\t\t\t\t\tslider.parents(\".flex-container:eq(0)\").removeAttr(\"style\");\n        \t\t\t\t\t\tjQuery.waypoints('refresh');\n      \t\t\t\t\t\t},\n      \t\t\t\t\t\tafter: function(){\n      \t\t\t\t\t\t\tjQuery.waypoints('refresh');\n      \t\t\t\t\t\t},  \n\t\t\t\t\t\t});\n\t\t\t\t\t});  \n\t\t\t\t\/* ]]> *\/\t\n\t\t\t\t<\/script>\n\t\t\t\n\n<\/div>\n\n<\/div>\n\n<div class=\"clearfix\" style=\"height:20px\"><\/div>\n<h2>Sviluppo della coscienza sociale<\/h2>\n<hr class=\"style-five margin-t10 margin-b20 \"  data-rt-animate=\"animate\" data-rt-animation-type=\"fadeInDown\" data-rt-animation-group=\"single\" >\n\nUNICOIL orienta i propri dipendenti verso la coscienza sociale fornendo loro le competenze necessarie per affrontare adeguatamente le proprie responsabilit\u00e0 sociali. UNICOIL ritiene che il modo migliore per affrontare i problemi sociali sia di preparare adeguatamente i propri dipendenti attraverso la formazione.\n\nIl programma di sviluppo della coscienza sociale di UNICOIL si concentra su etica, miglioramento della vita e gestione delle emergenze giornaliere.\n\n<div data-rt-animation-group=\"group\" class=\"rt-toggle small _full\"><ol>\n\n<li data-rt-animate=\"animate\" data-rt-animation-type=\"fadeInDown\"><div class=\"toggle-head\"><div class=\"toggle-number\"><span class=\"icon-ok\"><\/span><\/div><div class=\"toggle-title\">Codice etico professionale<\/div><\/div><div class=\"toggle-content fluid\">\nLa formazione riguardo al codice etico \u00e8 obbligatoria per tutti i dipendenti. L&#8217;obiettivo \u00e8 di instillare nel dipendente concetti generalmente accettati di onore personale che lo guideranno sia nella vita aziendale che nella vita personale. Corsi di aggiornamento obbligatori vengono condotti su questo tema anche su base annuale.\n<\/div><\/li>\n\n<li data-rt-animate=\"animate\" data-rt-animation-type=\"fadeInDown\"><div class=\"toggle-head\"><div class=\"toggle-number\"><span class=\"icon-ok\"><\/span><\/div><div class=\"toggle-title\">Procedure antincendio ed evacuazione in caso di emergenza<\/div><\/div><div class=\"toggle-content fluid\">\nOgni reparto nomina al suo interno i dipendenti che frequenteranno i corsi di formazione sulle procedure antincendio e di evacuazione in caso di emergenza. L&#8217;obiettivo \u00e8 di dotare i dipendenti delle competenze e degli istinti atti a reagire positivamente in momenti di emergenza. Il corso di formazione viene condotto dal reparto di sicurezza della societ\u00e0 su base ricorrente, affinch\u00e9 ciascun singolo dipendente possa completare il programma.\n<\/div><\/li>\n\n<li data-rt-animate=\"animate\" data-rt-animation-type=\"fadeInDown\"><div class=\"toggle-head\"><div class=\"toggle-number\"><span class=\"icon-ok\"><\/span><\/div><div class=\"toggle-title\">Primo soccorso, rianimazione cardiopolmonare (RCP) e supporto alla vita<\/div><\/div><div class=\"toggle-content fluid\">\nL&#8217;obiettivo \u00e8 di dotare i dipendenti delle competenze necessarie per affrontare situazioni di emergenza pericolose per la vita qualora insorga questa eventualit\u00e0. Il programma iniziale \u00e8 stato condotto da un relatore professionale esterno e programmi ricorrenti sono gestiti dal reparto di sicurezza, affinch\u00e9 tutti i dipendenti possano completare il programma.\n<\/div><\/li>\n\n<li data-rt-animate=\"animate\" data-rt-animation-type=\"fadeInDown\"><div class=\"toggle-head\"><div class=\"toggle-number\"><span class=\"icon-ok\"><\/span><\/div><div class=\"toggle-title\">Verso una vita migliore<\/div><\/div><div class=\"toggle-content fluid\">\nQueste sessioni di formazione sono concepite per migliorare la vita personale dei dipendenti. Sono state condotte due sessioni di formazione per questo programma: (1) corso di sensibilizzazione contro l&#8217;abuso di stupefacenti svolto in collaborazione con organi di governo e (2) corso di formazione interna in cui i relatori sono dipendenti che condividono le loro esperienze nel raggiungere un equilibrio tra lavoro e vita personale.\n<\/div><\/li>\n\n<\/ol><\/div>\n\n<div class=\"clearfix\" style=\"height:20px\"><\/div>\n<h2>Centro di e-Learning<\/h2>\n<hr class=\"style-five margin-t10 margin-b20 \"  data-rt-animate=\"animate\" data-rt-animation-type=\"fadeInDown\" data-rt-animation-group=\"single\" >\n\nIn prima linea di tutti i corsi di formazione di UNICOIL c&#8217;\u00e8 il suo modernissimo Centro di e-Learning, strategicamente posizionato all&#8217;interno degli uffici amministrativi. Il Centro di e-Learning ospita la maggior parte dei programmi di formazione interna della societ\u00e0. \u00c8 un centro di formazione interattivo dotato di computer Apple disponibili per l&#8217;utilizzo da parte dei partecipanti ai corsi.\n\n<div class=\"row clearfix\">\n\n<div class=\"box three \">\n<img decoding=\"async\" loading=\"lazy\" src=\"\/wp-content\/uploads\/2017\/04\/elearning3.jpg\" alt=\"elearning3\" width=\"1000\" height=\"664\" class=\"aligncenter size-full wp-image-4287\" srcset=\"https:\/\/www.unicoil.com.sa\/Unicoil-Beta-Update\/wp-content\/uploads\/2017\/04\/elearning3.jpg 1000w, https:\/\/www.unicoil.com.sa\/Unicoil-Beta-Update\/wp-content\/uploads\/2017\/04\/elearning3-300x199.jpg 300w, https:\/\/www.unicoil.com.sa\/Unicoil-Beta-Update\/wp-content\/uploads\/2017\/04\/elearning3-768x510.jpg 768w\" sizes=\"(max-width: 1000px) 100vw, 1000px\" \/>\n<\/div>\n\n<div class=\"box three \">\n<img decoding=\"async\" loading=\"lazy\" src=\"\/wp-content\/uploads\/2017\/04\/elearning1.jpg\" alt=\"elearning1\" width=\"1000\" height=\"664\" class=\"aligncenter size-full wp-image-4286\" srcset=\"https:\/\/www.unicoil.com.sa\/Unicoil-Beta-Update\/wp-content\/uploads\/2017\/04\/elearning1.jpg 1000w, https:\/\/www.unicoil.com.sa\/Unicoil-Beta-Update\/wp-content\/uploads\/2017\/04\/elearning1-300x199.jpg 300w, https:\/\/www.unicoil.com.sa\/Unicoil-Beta-Update\/wp-content\/uploads\/2017\/04\/elearning1-768x510.jpg 768w\" sizes=\"(max-width: 1000px) 100vw, 1000px\" \/>\n<\/div>\n\n<div class=\"box three \">\n<img decoding=\"async\" loading=\"lazy\" src=\"\/wp-content\/uploads\/2017\/04\/elearning2.jpg\" alt=\"elearning2\" width=\"1000\" height=\"664\" class=\"aligncenter size-full wp-image-4288\" srcset=\"https:\/\/www.unicoil.com.sa\/Unicoil-Beta-Update\/wp-content\/uploads\/2017\/04\/elearning2.jpg 1000w, https:\/\/www.unicoil.com.sa\/Unicoil-Beta-Update\/wp-content\/uploads\/2017\/04\/elearning2-300x199.jpg 300w, https:\/\/www.unicoil.com.sa\/Unicoil-Beta-Update\/wp-content\/uploads\/2017\/04\/elearning2-768x510.jpg 768w\" sizes=\"(max-width: 1000px) 100vw, 1000px\" \/>\n<\/div>\n\n<\/div>\n\n<div class=\"clearfix\" style=\"height:10px\"><\/div>\n<p style=\"text-align: center;\">UNICOIL ha investito in un moderno centro di apprendimento elettronico<\/p>\n<div class=\"clearfix\" style=\"height:20px\"><\/div>\n\nOgni sessione di formazione \u00e8 controllata da un formatore dal computer principale, da dove \u00e8 possibile tenere lezioni e presentazioni. Il Centro di e-Learning, cos\u00ec come tutti gli altri centri di apprendimento, \u00e8 in continua evoluzione nella ricerca volta a fornire ai dipendenti i migliori metodi di formazione possibili e l&#8217;atmosfera di apprendimento pi\u00f9 favorevole.","protected":false},"excerpt":{"rendered":"In UNICOIL, lo sviluppo dei dipendenti attraverso la formazione \u00e8 da sempre in cima alle priorit\u00e0. Sviluppo delle competenze tecniche Sviluppo della coscienza sociale UNICOIL orienta i propri dipendenti verso la coscienza sociale fornendo loro le competenze necessarie per affrontare adeguatamente le proprie responsabilit\u00e0 sociali. UNICOIL ritiene che il modo migliore per affrontare i problemi [&hellip;]","protected":false},"author":3,"featured_media":0,"parent":0,"menu_order":0,"comment_status":"closed","ping_status":"closed","template":"elementor_theme","meta":{"footnotes":""},"yoast_head":"<!-- This site is optimized with the Yoast SEO plugin v21.4 - https:\/\/yoast.com\/wordpress\/plugins\/seo\/ -->\n<title>Formazione e sviluppo - UNICOIL<\/title>\n<meta name=\"robots\" content=\"index, follow, max-snippet:-1, max-image-preview:large, max-video-preview:-1\" \/>\n<link rel=\"canonical\" href=\"https:\/\/www.unicoil.com.sa\/Unicoil-Beta-Update\/it\/formazione-e-sviluppo\/\" \/>\n<meta property=\"og:locale\" content=\"en_US\" \/>\n<meta property=\"og:type\" content=\"article\" \/>\n<meta property=\"og:title\" content=\"Formazione e sviluppo - UNICOIL\" \/>\n<meta property=\"og:description\" content=\"In UNICOIL, lo sviluppo dei dipendenti attraverso la formazione \u00e8 da sempre in cima alle priorit\u00e0. Sviluppo delle competenze tecniche Sviluppo della coscienza sociale UNICOIL orienta i propri dipendenti verso la coscienza sociale fornendo loro le competenze necessarie per affrontare adeguatamente le proprie responsabilit\u00e0 sociali. UNICOIL ritiene che il modo migliore per affrontare i problemi [&hellip;]\" \/>\n<meta property=\"og:url\" content=\"https:\/\/www.unicoil.com.sa\/Unicoil-Beta-Update\/it\/formazione-e-sviluppo\/\" \/>\n<meta property=\"og:site_name\" content=\"UNICOIL\" \/>\n<meta property=\"article:modified_time\" content=\"2022-10-11T05:40:42+00:00\" \/>\n<meta name=\"twitter:card\" content=\"summary_large_image\" \/>\n<meta name=\"twitter:label1\" content=\"Est. reading time\" \/>\n\t<meta name=\"twitter:data1\" content=\"4 minutes\" \/>\n<script type=\"application\/ld+json\" class=\"yoast-schema-graph\">{\"@context\":\"https:\/\/schema.org\",\"@graph\":[{\"@type\":\"WebPage\",\"@id\":\"https:\/\/www.unicoil.com.sa\/Unicoil-Beta-Update\/it\/formazione-e-sviluppo\/\",\"url\":\"https:\/\/www.unicoil.com.sa\/Unicoil-Beta-Update\/it\/formazione-e-sviluppo\/\",\"name\":\"Formazione e sviluppo - UNICOIL\",\"isPartOf\":{\"@id\":\"https:\/\/www.unicoil.com.sa\/Unicoil-Beta-Update\/#website\"},\"datePublished\":\"2019-07-08T05:07:25+00:00\",\"dateModified\":\"2022-10-11T05:40:42+00:00\",\"breadcrumb\":{\"@id\":\"https:\/\/www.unicoil.com.sa\/Unicoil-Beta-Update\/it\/formazione-e-sviluppo\/#breadcrumb\"},\"inLanguage\":\"en-US\",\"potentialAction\":[{\"@type\":\"ReadAction\",\"target\":[\"https:\/\/www.unicoil.com.sa\/Unicoil-Beta-Update\/it\/formazione-e-sviluppo\/\"]}]},{\"@type\":\"BreadcrumbList\",\"@id\":\"https:\/\/www.unicoil.com.sa\/Unicoil-Beta-Update\/it\/formazione-e-sviluppo\/#breadcrumb\",\"itemListElement\":[{\"@type\":\"ListItem\",\"position\":1,\"name\":\"Home\",\"item\":\"https:\/\/www.unicoil.com.sa\/Unicoil-Beta-Update\/en\/\"},{\"@type\":\"ListItem\",\"position\":2,\"name\":\"Formazione e sviluppo\"}]},{\"@type\":\"WebSite\",\"@id\":\"https:\/\/www.unicoil.com.sa\/Unicoil-Beta-Update\/#website\",\"url\":\"https:\/\/www.unicoil.com.sa\/Unicoil-Beta-Update\/\",\"name\":\"UNICOIL\",\"description\":\"UNICOIL - A Leader in Steel Coil Coating and Prepainted Steels\",\"publisher\":{\"@id\":\"https:\/\/www.unicoil.com.sa\/Unicoil-Beta-Update\/#organization\"},\"potentialAction\":[{\"@type\":\"SearchAction\",\"target\":{\"@type\":\"EntryPoint\",\"urlTemplate\":\"https:\/\/www.unicoil.com.sa\/Unicoil-Beta-Update\/?s={search_term_string}\"},\"query-input\":\"required name=search_term_string\"}],\"inLanguage\":\"en-US\"},{\"@type\":\"Organization\",\"@id\":\"https:\/\/www.unicoil.com.sa\/Unicoil-Beta-Update\/#organization\",\"name\":\"UNICOIL\",\"url\":\"https:\/\/www.unicoil.com.sa\/Unicoil-Beta-Update\/\",\"logo\":{\"@type\":\"ImageObject\",\"inLanguage\":\"en-US\",\"@id\":\"https:\/\/www.unicoil.com.sa\/Unicoil-Beta-Update\/#\/schema\/logo\/image\/\",\"url\":\"https:\/\/www.unicoil.com.sa\/Unicoil-Beta-Update\/wp-content\/uploads\/UNICOIL-Logo-1.png\",\"contentUrl\":\"https:\/\/www.unicoil.com.sa\/Unicoil-Beta-Update\/wp-content\/uploads\/UNICOIL-Logo-1.png\",\"width\":1028,\"height\":617,\"caption\":\"UNICOIL\"},\"image\":{\"@id\":\"https:\/\/www.unicoil.com.sa\/Unicoil-Beta-Update\/#\/schema\/logo\/image\/\"}}]}<\/script>\n<!-- \/ Yoast SEO plugin. -->","yoast_head_json":{"title":"Formazione e sviluppo - UNICOIL","robots":{"index":"index","follow":"follow","max-snippet":"max-snippet:-1","max-image-preview":"max-image-preview:large","max-video-preview":"max-video-preview:-1"},"canonical":"https:\/\/www.unicoil.com.sa\/Unicoil-Beta-Update\/it\/formazione-e-sviluppo\/","og_locale":"en_US","og_type":"article","og_title":"Formazione e sviluppo - UNICOIL","og_description":"In UNICOIL, lo sviluppo dei dipendenti attraverso la formazione \u00e8 da sempre in cima alle priorit\u00e0. Sviluppo delle competenze tecniche Sviluppo della coscienza sociale UNICOIL orienta i propri dipendenti verso la coscienza sociale fornendo loro le competenze necessarie per affrontare adeguatamente le proprie responsabilit\u00e0 sociali. UNICOIL ritiene che il modo migliore per affrontare i problemi [&hellip;]","og_url":"https:\/\/www.unicoil.com.sa\/Unicoil-Beta-Update\/it\/formazione-e-sviluppo\/","og_site_name":"UNICOIL","article_modified_time":"2022-10-11T05:40:42+00:00","twitter_card":"summary_large_image","twitter_misc":{"Est. reading time":"4 minutes"},"schema":{"@context":"https:\/\/schema.org","@graph":[{"@type":"WebPage","@id":"https:\/\/www.unicoil.com.sa\/Unicoil-Beta-Update\/it\/formazione-e-sviluppo\/","url":"https:\/\/www.unicoil.com.sa\/Unicoil-Beta-Update\/it\/formazione-e-sviluppo\/","name":"Formazione e sviluppo - UNICOIL","isPartOf":{"@id":"https:\/\/www.unicoil.com.sa\/Unicoil-Beta-Update\/#website"},"datePublished":"2019-07-08T05:07:25+00:00","dateModified":"2022-10-11T05:40:42+00:00","breadcrumb":{"@id":"https:\/\/www.unicoil.com.sa\/Unicoil-Beta-Update\/it\/formazione-e-sviluppo\/#breadcrumb"},"inLanguage":"en-US","potentialAction":[{"@type":"ReadAction","target":["https:\/\/www.unicoil.com.sa\/Unicoil-Beta-Update\/it\/formazione-e-sviluppo\/"]}]},{"@type":"BreadcrumbList","@id":"https:\/\/www.unicoil.com.sa\/Unicoil-Beta-Update\/it\/formazione-e-sviluppo\/#breadcrumb","itemListElement":[{"@type":"ListItem","position":1,"name":"Home","item":"https:\/\/www.unicoil.com.sa\/Unicoil-Beta-Update\/en\/"},{"@type":"ListItem","position":2,"name":"Formazione e sviluppo"}]},{"@type":"WebSite","@id":"https:\/\/www.unicoil.com.sa\/Unicoil-Beta-Update\/#website","url":"https:\/\/www.unicoil.com.sa\/Unicoil-Beta-Update\/","name":"UNICOIL","description":"UNICOIL - A Leader in Steel Coil Coating and Prepainted Steels","publisher":{"@id":"https:\/\/www.unicoil.com.sa\/Unicoil-Beta-Update\/#organization"},"potentialAction":[{"@type":"SearchAction","target":{"@type":"EntryPoint","urlTemplate":"https:\/\/www.unicoil.com.sa\/Unicoil-Beta-Update\/?s={search_term_string}"},"query-input":"required name=search_term_string"}],"inLanguage":"en-US"},{"@type":"Organization","@id":"https:\/\/www.unicoil.com.sa\/Unicoil-Beta-Update\/#organization","name":"UNICOIL","url":"https:\/\/www.unicoil.com.sa\/Unicoil-Beta-Update\/","logo":{"@type":"ImageObject","inLanguage":"en-US","@id":"https:\/\/www.unicoil.com.sa\/Unicoil-Beta-Update\/#\/schema\/logo\/image\/","url":"https:\/\/www.unicoil.com.sa\/Unicoil-Beta-Update\/wp-content\/uploads\/UNICOIL-Logo-1.png","contentUrl":"https:\/\/www.unicoil.com.sa\/Unicoil-Beta-Update\/wp-content\/uploads\/UNICOIL-Logo-1.png","width":1028,"height":617,"caption":"UNICOIL"},"image":{"@id":"https:\/\/www.unicoil.com.sa\/Unicoil-Beta-Update\/#\/schema\/logo\/image\/"}}]}},"_links":{"self":[{"href":"https:\/\/www.unicoil.com.sa\/Unicoil-Beta-Update\/wp-json\/wp\/v2\/pages\/16377"}],"collection":[{"href":"https:\/\/www.unicoil.com.sa\/Unicoil-Beta-Update\/wp-json\/wp\/v2\/pages"}],"about":[{"href":"https:\/\/www.unicoil.com.sa\/Unicoil-Beta-Update\/wp-json\/wp\/v2\/types\/page"}],"author":[{"embeddable":true,"href":"https:\/\/www.unicoil.com.sa\/Unicoil-Beta-Update\/wp-json\/wp\/v2\/users\/3"}],"replies":[{"embeddable":true,"href":"https:\/\/www.unicoil.com.sa\/Unicoil-Beta-Update\/wp-json\/wp\/v2\/comments?post=16377"}],"version-history":[{"count":2,"href":"https:\/\/www.unicoil.com.sa\/Unicoil-Beta-Update\/wp-json\/wp\/v2\/pages\/16377\/revisions"}],"predecessor-version":[{"id":23078,"href":"https:\/\/www.unicoil.com.sa\/Unicoil-Beta-Update\/wp-json\/wp\/v2\/pages\/16377\/revisions\/23078"}],"wp:attachment":[{"href":"https:\/\/www.unicoil.com.sa\/Unicoil-Beta-Update\/wp-json\/wp\/v2\/media?parent=16377"}],"curies":[{"name":"wp","href":"https:\/\/api.w.org\/{rel}","templated":true}]}}