{"id":16404,"date":"2019-07-08T05:18:30","date_gmt":"2019-07-08T05:18:30","guid":{"rendered":"http:\/\/www.unicoil.sa\/?page_id=16404"},"modified":"2019-07-08T05:18:36","modified_gmt":"2019-07-08T05:18:36","slug":"recompenses-et-temoignages-dappreciation","status":"publish","type":"page","link":"https:\/\/www.unicoil.com.sa\/Unicoil-Beta-Update\/fr\/recompenses-et-temoignages-dappreciation\/","title":{"rendered":"R\u00e9compenses et t\u00e9moignages d&#8217;appr\u00e9ciation"},"content":{"rendered":"<h2>Programmes \u00ab Reveal Your Talent \u00bb et \u00ab Beyond The Job \u00bb<\/h2>\r\n<hr class=\"style-five margin-t10 margin-b20 \"  data-rt-animate=\"animate\" data-rt-animation-type=\"fadeInDown\" data-rt-animation-group=\"single\" >\r\n\r\n<div class=\"row clearfix\">\r\n\r\n<div class=\"box two \">\r\n<p>UNICOIL encourage le d\u00e9veloppement de ses employ\u00e9s et l&#8217;entreprise les r\u00e9compense \u00e9galement pour leur engagement. Les r\u00e9compenses \u00ab Reveal Your Talent \u00bb et \u00ab Beyond The Job \u00bb encouragent les employ\u00e9s \u00e0 innover et \u00e0 d\u00e9passer les limites globalement per\u00e7ues. Les employ\u00e9s qui font preuve d&#8217;un caract\u00e8re hors du commun dans leur travail et qui partagent leurs id\u00e9es avec leurs coll\u00e8gues dans l&#8217;int\u00e9r\u00eat de la soci\u00e9t\u00e9 sont d\u00e9sign\u00e9s pour obtenir ces r\u00e9compenses par le pr\u00e9sident-directeur g\u00e9n\u00e9ral ou par leur chef de service.<\/p>\r\n<table>\r\n  <tr>\r\n    <td><img decoding=\"async\" loading=\"lazy\" src=\"\/wp-content\/uploads\/2017\/04\/reveal-your-talent-logo02.jpg\" alt=\"reveal-your-talent-logo02\" width=\"430\" height=\"100\" class=\"aligncenter size-full wp-image-4306\" srcset=\"https:\/\/www.unicoil.com.sa\/Unicoil-Beta-Update\/wp-content\/uploads\/2017\/04\/reveal-your-talent-logo02.jpg 430w, https:\/\/www.unicoil.com.sa\/Unicoil-Beta-Update\/wp-content\/uploads\/2017\/04\/reveal-your-talent-logo02-300x70.jpg 300w\" sizes=\"(max-width: 430px) 100vw, 430px\" \/><\/td>\r\n    <td>&nbsp;<\/td>\r\n    <td><img decoding=\"async\" loading=\"lazy\" src=\"\/wp-content\/uploads\/2017\/04\/beyond-the-job-logo.jpg\" alt=\"beyond-the-job-logo\" width=\"430\" height=\"100\" class=\"aligncenter size-full wp-image-4305\" style=\"margin-top:10px\" srcset=\"https:\/\/www.unicoil.com.sa\/Unicoil-Beta-Update\/wp-content\/uploads\/2017\/04\/beyond-the-job-logo.jpg 430w, https:\/\/www.unicoil.com.sa\/Unicoil-Beta-Update\/wp-content\/uploads\/2017\/04\/beyond-the-job-logo-300x70.jpg 300w\" sizes=\"(max-width: 430px) 100vw, 430px\" \/><\/td>\r\n  <\/tr>\r\n<\/table>\r\n<p>Au cours des 3 derni\u00e8res ann\u00e9es, UNICOIL a r\u00e9compens\u00e9 plus de 150 employ\u00e9s qui ont fait preuve de talents exceptionnels dans leurs domaines de pr\u00e9dilection et ont contribu\u00e9 \u00e0 la r\u00e9ussite de l&#8217;entreprise.<\/p>\r\n<\/div>\r\n\r\n<div class=\"box two \">\r\n\n\t\t\t\t<div class=\"flex-container\">\n\t\t\t\t\t<div class=\"flexslider\" id=\"slider-913090\">\n\t\t\t\t\t\t<ul class=\"slides\"><li class=\"stretch\"  data-flexfirstslide=\"true\"><div class=\"slide_data\"><img src=\"\/wp-content\/uploads\/2017\/04\/reveal-your-talent02.jpg\" alt=\"\" title=\"\" \/>\n <\/div><\/li>\n\r\n<li class=\"stretch\"  ><div class=\"slide_data\"><img src=\"\/wp-content\/uploads\/2017\/04\/reveal-your-talent03.jpg\" alt=\"\" title=\"\" \/>\n <\/div><\/li>\n\r\n<li class=\"stretch\"  ><div class=\"slide_data\"><img src=\"\/wp-content\/uploads\/2017\/04\/reveal-your-talent01.jpg\" alt=\"\" title=\"\" \/>\n <\/div><\/li><\/ul>\t\t\t\t\t\t\n\t\t\t\t\t<\/div>\n\t\t\t\t\t<div class=\"flex-nav-container\"><\/div>\n\t\t\t\t<\/div> \n\t\t\t\n\t\t\t\t<script type=\"text\/javascript\">\n\t\t\t\t \/* <![CDATA[ *\/ \n\t\t\t\t\t\/\/ Flex Slider and Helper Functions\n\t\t\t\t\tjQuery(window).load(function() {\n\t\t\t\t\t\tjQuery(\"#slider-913090\").flexslider({\n\t\t\t\t\t\t\tanimation: \"slide\",\n\t\t\t\t\t\t\tcontrolsContainer: \"#slider-913090 .flex-nav-container\",\n\t\t\t\t\t\t\tslideshow: true, \n\t\t\t\t\t\t\tslideshowSpeed:4*1000,\n\t\t\t\t\t\t\tsmoothHeight: true,\n\t\t\t\t\t\t\tdirectionNav: true,\n\t\t\t\t\t\t\tcontrolNav:false, \n\t\t\t\t\t\t\tprevText: \"<span class=\\\"icon-left-open\\\"><\/span>\", \n\t\t\t\t\t\t\tnextText: \"<span class=\\\"icon-right-open\\\"><\/span>\",\n\t\t\t\t\t\t\tstart: function( slider ) {\n        \t\t\t\t\t\tslider.parents(\".flex-container:eq(0)\").removeAttr(\"style\");\n        \t\t\t\t\t\tjQuery.waypoints('refresh');\n      \t\t\t\t\t\t},\n      \t\t\t\t\t\tafter: function(){\n      \t\t\t\t\t\t\tjQuery.waypoints('refresh');\n      \t\t\t\t\t\t},  \n\t\t\t\t\t\t});\n\t\t\t\t\t});  \n\t\t\t\t\/* ]]> *\/\t\n\t\t\t\t<\/script>\n\t\t\t\r\n\r\n<\/div>\r\n\r\n<\/div>\r\n\r\n\r\n<div class=\"clearfix\" style=\"height:30px\"><\/div>\r\n\r\n","protected":false},"excerpt":{"rendered":"Programmes \u00ab Reveal Your Talent \u00bb et \u00ab Beyond The Job \u00bb","protected":false},"author":3,"featured_media":0,"parent":0,"menu_order":0,"comment_status":"closed","ping_status":"closed","template":"","meta":{"footnotes":""},"yoast_head":"<!-- This site is optimized with the Yoast SEO plugin v21.4 - https:\/\/yoast.com\/wordpress\/plugins\/seo\/ -->\n<title>R\u00e9compenses et t\u00e9moignages d&#039;appr\u00e9ciation - UNICOIL<\/title>\n<meta name=\"robots\" content=\"index, follow, max-snippet:-1, max-image-preview:large, max-video-preview:-1\" \/>\n<link rel=\"canonical\" href=\"https:\/\/www.unicoil.com.sa\/Unicoil-Beta-Update\/fr\/recompenses-et-temoignages-dappreciation\/\" \/>\n<meta property=\"og:locale\" content=\"en_US\" \/>\n<meta property=\"og:type\" content=\"article\" \/>\n<meta property=\"og:title\" content=\"R\u00e9compenses et t\u00e9moignages d&#039;appr\u00e9ciation - UNICOIL\" \/>\n<meta property=\"og:description\" content=\"Programmes \u00ab Reveal Your Talent \u00bb et \u00ab Beyond The Job \u00bb\" \/>\n<meta property=\"og:url\" content=\"https:\/\/www.unicoil.com.sa\/Unicoil-Beta-Update\/fr\/recompenses-et-temoignages-dappreciation\/\" \/>\n<meta property=\"og:site_name\" content=\"UNICOIL\" \/>\n<meta property=\"article:modified_time\" content=\"2019-07-08T05:18:36+00:00\" \/>\n<meta name=\"twitter:card\" content=\"summary_large_image\" \/>\n<meta name=\"twitter:label1\" content=\"Est. reading time\" \/>\n\t<meta name=\"twitter:data1\" content=\"1 minute\" \/>\n<script type=\"application\/ld+json\" class=\"yoast-schema-graph\">{\"@context\":\"https:\/\/schema.org\",\"@graph\":[{\"@type\":\"WebPage\",\"@id\":\"https:\/\/www.unicoil.com.sa\/Unicoil-Beta-Update\/fr\/recompenses-et-temoignages-dappreciation\/\",\"url\":\"https:\/\/www.unicoil.com.sa\/Unicoil-Beta-Update\/fr\/recompenses-et-temoignages-dappreciation\/\",\"name\":\"R\u00e9compenses et t\u00e9moignages d'appr\u00e9ciation - UNICOIL\",\"isPartOf\":{\"@id\":\"https:\/\/www.unicoil.com.sa\/Unicoil-Beta-Update\/#website\"},\"datePublished\":\"2019-07-08T05:18:30+00:00\",\"dateModified\":\"2019-07-08T05:18:36+00:00\",\"breadcrumb\":{\"@id\":\"https:\/\/www.unicoil.com.sa\/Unicoil-Beta-Update\/fr\/recompenses-et-temoignages-dappreciation\/#breadcrumb\"},\"inLanguage\":\"en-US\",\"potentialAction\":[{\"@type\":\"ReadAction\",\"target\":[\"https:\/\/www.unicoil.com.sa\/Unicoil-Beta-Update\/fr\/recompenses-et-temoignages-dappreciation\/\"]}]},{\"@type\":\"BreadcrumbList\",\"@id\":\"https:\/\/www.unicoil.com.sa\/Unicoil-Beta-Update\/fr\/recompenses-et-temoignages-dappreciation\/#breadcrumb\",\"itemListElement\":[{\"@type\":\"ListItem\",\"position\":1,\"name\":\"Home\",\"item\":\"https:\/\/www.unicoil.com.sa\/Unicoil-Beta-Update\/en\/\"},{\"@type\":\"ListItem\",\"position\":2,\"name\":\"R\u00e9compenses et t\u00e9moignages d&#8217;appr\u00e9ciation\"}]},{\"@type\":\"WebSite\",\"@id\":\"https:\/\/www.unicoil.com.sa\/Unicoil-Beta-Update\/#website\",\"url\":\"https:\/\/www.unicoil.com.sa\/Unicoil-Beta-Update\/\",\"name\":\"UNICOIL\",\"description\":\"UNICOIL - A Leader in Steel Coil Coating and Prepainted Steels\",\"publisher\":{\"@id\":\"https:\/\/www.unicoil.com.sa\/Unicoil-Beta-Update\/#organization\"},\"potentialAction\":[{\"@type\":\"SearchAction\",\"target\":{\"@type\":\"EntryPoint\",\"urlTemplate\":\"https:\/\/www.unicoil.com.sa\/Unicoil-Beta-Update\/?s={search_term_string}\"},\"query-input\":\"required name=search_term_string\"}],\"inLanguage\":\"en-US\"},{\"@type\":\"Organization\",\"@id\":\"https:\/\/www.unicoil.com.sa\/Unicoil-Beta-Update\/#organization\",\"name\":\"UNICOIL\",\"url\":\"https:\/\/www.unicoil.com.sa\/Unicoil-Beta-Update\/\",\"logo\":{\"@type\":\"ImageObject\",\"inLanguage\":\"en-US\",\"@id\":\"https:\/\/www.unicoil.com.sa\/Unicoil-Beta-Update\/#\/schema\/logo\/image\/\",\"url\":\"https:\/\/www.unicoil.com.sa\/Unicoil-Beta-Update\/wp-content\/uploads\/UNICOIL-Logo-1.png\",\"contentUrl\":\"https:\/\/www.unicoil.com.sa\/Unicoil-Beta-Update\/wp-content\/uploads\/UNICOIL-Logo-1.png\",\"width\":1028,\"height\":617,\"caption\":\"UNICOIL\"},\"image\":{\"@id\":\"https:\/\/www.unicoil.com.sa\/Unicoil-Beta-Update\/#\/schema\/logo\/image\/\"}}]}<\/script>\n<!-- \/ Yoast SEO plugin. -->","yoast_head_json":{"title":"R\u00e9compenses et t\u00e9moignages d'appr\u00e9ciation - UNICOIL","robots":{"index":"index","follow":"follow","max-snippet":"max-snippet:-1","max-image-preview":"max-image-preview:large","max-video-preview":"max-video-preview:-1"},"canonical":"https:\/\/www.unicoil.com.sa\/Unicoil-Beta-Update\/fr\/recompenses-et-temoignages-dappreciation\/","og_locale":"en_US","og_type":"article","og_title":"R\u00e9compenses et t\u00e9moignages d'appr\u00e9ciation - UNICOIL","og_description":"Programmes \u00ab Reveal Your Talent \u00bb et \u00ab Beyond The Job \u00bb","og_url":"https:\/\/www.unicoil.com.sa\/Unicoil-Beta-Update\/fr\/recompenses-et-temoignages-dappreciation\/","og_site_name":"UNICOIL","article_modified_time":"2019-07-08T05:18:36+00:00","twitter_card":"summary_large_image","twitter_misc":{"Est. reading time":"1 minute"},"schema":{"@context":"https:\/\/schema.org","@graph":[{"@type":"WebPage","@id":"https:\/\/www.unicoil.com.sa\/Unicoil-Beta-Update\/fr\/recompenses-et-temoignages-dappreciation\/","url":"https:\/\/www.unicoil.com.sa\/Unicoil-Beta-Update\/fr\/recompenses-et-temoignages-dappreciation\/","name":"R\u00e9compenses et t\u00e9moignages d'appr\u00e9ciation - UNICOIL","isPartOf":{"@id":"https:\/\/www.unicoil.com.sa\/Unicoil-Beta-Update\/#website"},"datePublished":"2019-07-08T05:18:30+00:00","dateModified":"2019-07-08T05:18:36+00:00","breadcrumb":{"@id":"https:\/\/www.unicoil.com.sa\/Unicoil-Beta-Update\/fr\/recompenses-et-temoignages-dappreciation\/#breadcrumb"},"inLanguage":"en-US","potentialAction":[{"@type":"ReadAction","target":["https:\/\/www.unicoil.com.sa\/Unicoil-Beta-Update\/fr\/recompenses-et-temoignages-dappreciation\/"]}]},{"@type":"BreadcrumbList","@id":"https:\/\/www.unicoil.com.sa\/Unicoil-Beta-Update\/fr\/recompenses-et-temoignages-dappreciation\/#breadcrumb","itemListElement":[{"@type":"ListItem","position":1,"name":"Home","item":"https:\/\/www.unicoil.com.sa\/Unicoil-Beta-Update\/en\/"},{"@type":"ListItem","position":2,"name":"R\u00e9compenses et t\u00e9moignages d&#8217;appr\u00e9ciation"}]},{"@type":"WebSite","@id":"https:\/\/www.unicoil.com.sa\/Unicoil-Beta-Update\/#website","url":"https:\/\/www.unicoil.com.sa\/Unicoil-Beta-Update\/","name":"UNICOIL","description":"UNICOIL - A Leader in Steel Coil Coating and Prepainted Steels","publisher":{"@id":"https:\/\/www.unicoil.com.sa\/Unicoil-Beta-Update\/#organization"},"potentialAction":[{"@type":"SearchAction","target":{"@type":"EntryPoint","urlTemplate":"https:\/\/www.unicoil.com.sa\/Unicoil-Beta-Update\/?s={search_term_string}"},"query-input":"required name=search_term_string"}],"inLanguage":"en-US"},{"@type":"Organization","@id":"https:\/\/www.unicoil.com.sa\/Unicoil-Beta-Update\/#organization","name":"UNICOIL","url":"https:\/\/www.unicoil.com.sa\/Unicoil-Beta-Update\/","logo":{"@type":"ImageObject","inLanguage":"en-US","@id":"https:\/\/www.unicoil.com.sa\/Unicoil-Beta-Update\/#\/schema\/logo\/image\/","url":"https:\/\/www.unicoil.com.sa\/Unicoil-Beta-Update\/wp-content\/uploads\/UNICOIL-Logo-1.png","contentUrl":"https:\/\/www.unicoil.com.sa\/Unicoil-Beta-Update\/wp-content\/uploads\/UNICOIL-Logo-1.png","width":1028,"height":617,"caption":"UNICOIL"},"image":{"@id":"https:\/\/www.unicoil.com.sa\/Unicoil-Beta-Update\/#\/schema\/logo\/image\/"}}]}},"_links":{"self":[{"href":"https:\/\/www.unicoil.com.sa\/Unicoil-Beta-Update\/wp-json\/wp\/v2\/pages\/16404"}],"collection":[{"href":"https:\/\/www.unicoil.com.sa\/Unicoil-Beta-Update\/wp-json\/wp\/v2\/pages"}],"about":[{"href":"https:\/\/www.unicoil.com.sa\/Unicoil-Beta-Update\/wp-json\/wp\/v2\/types\/page"}],"author":[{"embeddable":true,"href":"https:\/\/www.unicoil.com.sa\/Unicoil-Beta-Update\/wp-json\/wp\/v2\/users\/3"}],"replies":[{"embeddable":true,"href":"https:\/\/www.unicoil.com.sa\/Unicoil-Beta-Update\/wp-json\/wp\/v2\/comments?post=16404"}],"version-history":[{"count":1,"href":"https:\/\/www.unicoil.com.sa\/Unicoil-Beta-Update\/wp-json\/wp\/v2\/pages\/16404\/revisions"}],"predecessor-version":[{"id":16405,"href":"https:\/\/www.unicoil.com.sa\/Unicoil-Beta-Update\/wp-json\/wp\/v2\/pages\/16404\/revisions\/16405"}],"wp:attachment":[{"href":"https:\/\/www.unicoil.com.sa\/Unicoil-Beta-Update\/wp-json\/wp\/v2\/media?parent=16404"}],"curies":[{"name":"wp","href":"https:\/\/api.w.org\/{rel}","templated":true}]}}